{"id":952,"date":"2025-07-07T20:29:10","date_gmt":"2025-07-07T18:29:10","guid":{"rendered":"https:\/\/www.beevista.pl\/?post_type=product&#038;p=952"},"modified":"2026-04-27T13:57:29","modified_gmt":"2026-04-27T11:57:29","slug":"podkurzacz-nierdzewny-z-wkladem-duzy","status":"publish","type":"product","link":"https:\/\/www.beevista.pl\/index.php\/produkt\/podkurzacz-nierdzewny-z-wkladem-duzy\/","title":{"rendered":"Podkurzacz nierdzewny z wk\u0142adem &#8211; du\u017cy"},"content":{"rendered":"<p>Du\u017cy podkurzacz zapewniaj\u0105cy d\u0142ug\u0105 i nieprzerwan\u0105 prac\u0119 podczas przegl\u0105d\u00f3w na pasiece.<\/p>\n<p>Wyposa\u017cony w specjalny dodatkowy, wyjmowany zbiornik w kt\u00f3rym odbywa si\u0119 spalanie pr\u00f3chna, zi\u00f3\u0142 czy pelletu.<\/p>\n<p>Mieszek wykonany ze sk\u00f3ry.<\/p>\n<p>\u015arednica korpusu: 9 cm<br \/>\nWysoko\u015b\u0107 korpusu: 19 cm<br \/>\nWysoko\u015b\u0107 ca\u0142kowita: 31 cm<\/p>\n<p>\u015arednica zbiornika: 8,5 cm<br \/>\nWysoko\u015b\u0107 zbiornika: 15 cm<\/p>\n<p>Rozmiar miecha: 10,5 x 19 cm<\/p>\n","protected":false},"excerpt":{"rendered":"<p>Du\u017cy podkurzacz zapewniaj\u0105cy d\u0142ug\u0105 i nieprzerwan\u0105 prac\u0119 podczas przegl\u0105d\u00f3w na pasiece. Wyposa\u017cony w specjalny dodatkowy, wyjmowany zbiornik w kt\u00f3rym odbywa si\u0119 spalanie pr\u00f3chna, zi\u00f3\u0142 czy pelletu. Mieszek wykonany ze sk\u00f3ry. \u015arednica korpusu: 9 cm Wysoko\u015b\u0107 korpusu: 19 cm Wysoko\u015b\u0107 ca\u0142kowita: 31 cm \u015arednica zbiornika: 8,5 cm Wysoko\u015b\u0107 zbiornika: 15 cm Rozmiar miecha: 10,5 x 19 [&hellip;]<\/p>\n","protected":false},"featured_media":953,"template":"","meta":[],"product_brand":[],"product_cat":[58],"product_tag":[],"class_list":{"0":"post-952","1":"product","2":"type-product","3":"status-publish","4":"has-post-thumbnail","6":"product_cat-podkurzacze","8":"first","9":"outofstock","10":"taxable","11":"shipping-taxable","12":"purchasable","13":"product-type-simple"},"_links":{"self":[{"href":"https:\/\/www.beevista.pl\/index.php\/wp-json\/wp\/v2\/product\/952","targetHints":{"allow":["GET"]}}],"collection":[{"href":"https:\/\/www.beevista.pl\/index.php\/wp-json\/wp\/v2\/product"}],"about":[{"href":"https:\/\/www.beevista.pl\/index.php\/wp-json\/wp\/v2\/types\/product"}],"wp:featuredmedia":[{"embeddable":true,"href":"https:\/\/www.beevista.pl\/index.php\/wp-json\/wp\/v2\/media\/953"}],"wp:attachment":[{"href":"https:\/\/www.beevista.pl\/index.php\/wp-json\/wp\/v2\/media?parent=952"}],"wp:term":[{"taxonomy":"product_brand","embeddable":true,"href":"https:\/\/www.beevista.pl\/index.php\/wp-json\/wp\/v2\/product_brand?post=952"},{"taxonomy":"product_cat","embeddable":true,"href":"https:\/\/www.beevista.pl\/index.php\/wp-json\/wp\/v2\/product_cat?post=952"},{"taxonomy":"product_tag","embeddable":true,"href":"https:\/\/www.beevista.pl\/index.php\/wp-json\/wp\/v2\/product_tag?post=952"}],"curies":[{"name":"wp","href":"https:\/\/api.w.org\/{rel}","templated":true}]}}