{"id":834,"date":"2025-06-18T21:41:59","date_gmt":"2025-06-18T19:41:59","guid":{"rendered":"https:\/\/www.beevista.pl\/?post_type=product&#038;p=834"},"modified":"2026-04-30T11:57:55","modified_gmt":"2026-04-30T09:57:55","slug":"apistym-200ml","status":"publish","type":"product","link":"https:\/\/www.beevista.pl\/index.php\/produkt\/apistym-200ml\/","title":{"rendered":"Apistym 200ml"},"content":{"rendered":"<p>Apistym s\u0142u\u017cy do poprawy kondycji rodzin pszczelich. Stosowanie preparatu zwi\u0119ksza odporno\u015b\u0107 rodzin pszczelich na choroby, w szczeg\u00f3lno\u015bci na nosemoz\u0119, wywo\u0142an\u0105 przez Nosema apis i Nosema ceranae.<\/p>\n<p>W\u0142a\u015bciwo\u015bci<br \/>\nZawarty w Apistymie ekstrakt \u017ce\u0144szenia wp\u0142ywa na wzrost poziomu oksydazy fenolowej (enzymu bior\u0105cego udzia\u0142 w odpowiedzi immunologicznej), podnosz\u0105c odporno\u015b\u0107 rodziny i zwi\u0119kszaj\u0105c jej witalno\u015b\u0107. Dzi\u0119ki temu pszczo\u0142y \u0142atwiej zwalczaj\u0105 zaka\u017cenia patogenami. Apistym podawany przy dokarmianiu jesiennym zwi\u0119ksza prze\u017cywalno\u015b\u0107 rodzin pszczelich w zimie, a stosowany wiosn\u0105 przyspiesza ich rozw\u00f3j.<\/p>\n<p>Wg. zalece\u0144 producenta jedna buteleczka 200ml wystarcza na oko\u0142o 5 rodzin pszczelich.<\/p>\n","protected":false},"excerpt":{"rendered":"<p>Apistym s\u0142u\u017cy do poprawy kondycji rodzin pszczelich. Stosowanie preparatu zwi\u0119ksza odporno\u015b\u0107 rodzin pszczelich na choroby, w szczeg\u00f3lno\u015bci na nosemoz\u0119, wywo\u0142an\u0105 przez Nosema apis i Nosema ceranae. W\u0142a\u015bciwo\u015bci Zawarty w Apistymie ekstrakt \u017ce\u0144szenia wp\u0142ywa na wzrost poziomu oksydazy fenolowej (enzymu bior\u0105cego udzia\u0142 w odpowiedzi immunologicznej), podnosz\u0105c odporno\u015b\u0107 rodziny i zwi\u0119kszaj\u0105c jej witalno\u015b\u0107. Dzi\u0119ki temu pszczo\u0142y \u0142atwiej [&hellip;]<\/p>\n","protected":false},"featured_media":831,"template":"","meta":[],"product_brand":[],"product_cat":[35],"product_tag":[],"class_list":{"0":"post-834","1":"product","2":"type-product","3":"status-publish","4":"has-post-thumbnail","6":"product_cat-dodatki-paszowe","8":"first","9":"outofstock","10":"taxable","11":"shipping-taxable","12":"purchasable","13":"product-type-simple"},"_links":{"self":[{"href":"https:\/\/www.beevista.pl\/index.php\/wp-json\/wp\/v2\/product\/834","targetHints":{"allow":["GET"]}}],"collection":[{"href":"https:\/\/www.beevista.pl\/index.php\/wp-json\/wp\/v2\/product"}],"about":[{"href":"https:\/\/www.beevista.pl\/index.php\/wp-json\/wp\/v2\/types\/product"}],"wp:featuredmedia":[{"embeddable":true,"href":"https:\/\/www.beevista.pl\/index.php\/wp-json\/wp\/v2\/media\/831"}],"wp:attachment":[{"href":"https:\/\/www.beevista.pl\/index.php\/wp-json\/wp\/v2\/media?parent=834"}],"wp:term":[{"taxonomy":"product_brand","embeddable":true,"href":"https:\/\/www.beevista.pl\/index.php\/wp-json\/wp\/v2\/product_brand?post=834"},{"taxonomy":"product_cat","embeddable":true,"href":"https:\/\/www.beevista.pl\/index.php\/wp-json\/wp\/v2\/product_cat?post=834"},{"taxonomy":"product_tag","embeddable":true,"href":"https:\/\/www.beevista.pl\/index.php\/wp-json\/wp\/v2\/product_tag?post=834"}],"curies":[{"name":"wp","href":"https:\/\/api.w.org\/{rel}","templated":true}]}}