{"id":783,"date":"2025-06-15T22:49:44","date_gmt":"2025-06-15T20:49:44","guid":{"rendered":"https:\/\/www.beevista.pl\/?post_type=product&#038;p=783"},"modified":"2025-12-10T09:36:28","modified_gmt":"2025-12-10T08:36:28","slug":"opalitki-polskie-komplet-na-5-lat-z-klejem","status":"publish","type":"product","link":"https:\/\/www.beevista.pl\/index.php\/produkt\/opalitki-polskie-komplet-na-5-lat-z-klejem\/","title":{"rendered":"Opalitki polskie &#8211; komplet na 5 lat z klejem"},"content":{"rendered":"<p>Komplet pi\u0119ciu kolor\u00f3w opalitk\u00f3w (ka\u017cdy blister zawiera cyfry od 1 do 99) do znakowania matek plus klej szelak i patyczek.<\/p>\n<p>Kolory znakowania matek wg. ostatniej cyfry roku:<\/p>\n<p>1, 6 \u2013 B \u2013 bia\u0142y<br \/>\n2, 7 \u2013 \u017b \u2013 \u017c\u00f3\u0142ty<br \/>\n3, 8 \u2013 C \u2013 czerwony<br \/>\n4, 9 \u2013 Z \u2013 zielony<br \/>\n5, 0 \u2013 N \u2013 niebieski<\/p>\n","protected":false},"excerpt":{"rendered":"<p>Komplet pi\u0119ciu kolor\u00f3w opalitk\u00f3w (ka\u017cdy blister zawiera cyfry od 1 do 99) do znakowania matek plus klej szelak i patyczek. Kolory znakowania matek wg. ostatniej cyfry roku: 1, 6 \u2013 B \u2013 bia\u0142y 2, 7 \u2013 \u017b \u2013 \u017c\u00f3\u0142ty 3, 8 \u2013 C \u2013 czerwony 4, 9 \u2013 Z \u2013 zielony 5, 0 \u2013 N [&hellip;]<\/p>\n","protected":false},"featured_media":784,"template":"","meta":[],"product_brand":[54],"product_cat":[39],"product_tag":[],"class_list":{"0":"post-783","1":"product","2":"type-product","3":"status-publish","4":"has-post-thumbnail","6":"product_brand-pasieka","7":"product_cat-znakowanie-matek","9":"first","10":"outofstock","11":"taxable","12":"shipping-taxable","13":"purchasable","14":"product-type-simple"},"_links":{"self":[{"href":"https:\/\/www.beevista.pl\/index.php\/wp-json\/wp\/v2\/product\/783","targetHints":{"allow":["GET"]}}],"collection":[{"href":"https:\/\/www.beevista.pl\/index.php\/wp-json\/wp\/v2\/product"}],"about":[{"href":"https:\/\/www.beevista.pl\/index.php\/wp-json\/wp\/v2\/types\/product"}],"wp:featuredmedia":[{"embeddable":true,"href":"https:\/\/www.beevista.pl\/index.php\/wp-json\/wp\/v2\/media\/784"}],"wp:attachment":[{"href":"https:\/\/www.beevista.pl\/index.php\/wp-json\/wp\/v2\/media?parent=783"}],"wp:term":[{"taxonomy":"product_brand","embeddable":true,"href":"https:\/\/www.beevista.pl\/index.php\/wp-json\/wp\/v2\/product_brand?post=783"},{"taxonomy":"product_cat","embeddable":true,"href":"https:\/\/www.beevista.pl\/index.php\/wp-json\/wp\/v2\/product_cat?post=783"},{"taxonomy":"product_tag","embeddable":true,"href":"https:\/\/www.beevista.pl\/index.php\/wp-json\/wp\/v2\/product_tag?post=783"}],"curies":[{"name":"wp","href":"https:\/\/api.w.org\/{rel}","templated":true}]}}