{"id":736,"date":"2025-06-13T18:16:51","date_gmt":"2025-06-13T16:16:51","guid":{"rendered":"https:\/\/www.beevista.pl\/?post_type=product&#038;p=736"},"modified":"2026-03-19T21:27:14","modified_gmt":"2026-03-19T20:27:14","slug":"kapelusz-pszczelarski-kowbojski","status":"publish","type":"product","link":"https:\/\/www.beevista.pl\/index.php\/produkt\/kapelusz-pszczelarski-kowbojski\/","title":{"rendered":"Kapelusz pszczelarski kowbojski"},"content":{"rendered":"<p>Kowbojski kapelusz pszczelarski dla ludzi chc\u0105cych prze\u0142ama\u0107 modow\u0105 nud\u0119 i rutyn\u0119 na pasiece.<\/p>\n<p>Wyposa\u017cony w siatk\u0119 zapobiegaj\u0105c\u0105 u\u017c\u0105dleniom przez pszczo\u0142y.<\/p>\n<p>Na dole siatki znajduj\u0105 si\u0119 paski, kt\u00f3re mo\u017cna zapi\u0105\u0107 pod pachami, maj\u0105 na celu naci\u0105gni\u0119cie siatki w d\u00f3\u0142 i zapobieganie wchodzeniu pszczo\u0142om pod siatk\u0119.<\/p>\n","protected":false},"excerpt":{"rendered":"<p>Kowbojski kapelusz pszczelarski dla ludzi chc\u0105cych prze\u0142ama\u0107 modow\u0105 nud\u0119 i rutyn\u0119 na pasiece. Wyposa\u017cony w siatk\u0119 zapobiegaj\u0105c\u0105 u\u017c\u0105dleniom przez pszczo\u0142y. Na dole siatki znajduj\u0105 si\u0119 paski, kt\u00f3re mo\u017cna zapi\u0105\u0107 pod pachami, maj\u0105 na celu naci\u0105gni\u0119cie siatki w d\u00f3\u0142 i zapobieganie wchodzeniu pszczo\u0142om pod siatk\u0119.<\/p>\n","protected":false},"featured_media":737,"template":"","meta":[],"product_brand":[],"product_cat":[51,50],"product_tag":[],"class_list":{"0":"post-736","1":"product","2":"type-product","3":"status-publish","4":"has-post-thumbnail","6":"product_cat-kapelusze","7":"product_cat-odziez","9":"first","10":"outofstock","11":"taxable","12":"shipping-taxable","13":"purchasable","14":"product-type-simple"},"_links":{"self":[{"href":"https:\/\/www.beevista.pl\/index.php\/wp-json\/wp\/v2\/product\/736","targetHints":{"allow":["GET"]}}],"collection":[{"href":"https:\/\/www.beevista.pl\/index.php\/wp-json\/wp\/v2\/product"}],"about":[{"href":"https:\/\/www.beevista.pl\/index.php\/wp-json\/wp\/v2\/types\/product"}],"wp:featuredmedia":[{"embeddable":true,"href":"https:\/\/www.beevista.pl\/index.php\/wp-json\/wp\/v2\/media\/737"}],"wp:attachment":[{"href":"https:\/\/www.beevista.pl\/index.php\/wp-json\/wp\/v2\/media?parent=736"}],"wp:term":[{"taxonomy":"product_brand","embeddable":true,"href":"https:\/\/www.beevista.pl\/index.php\/wp-json\/wp\/v2\/product_brand?post=736"},{"taxonomy":"product_cat","embeddable":true,"href":"https:\/\/www.beevista.pl\/index.php\/wp-json\/wp\/v2\/product_cat?post=736"},{"taxonomy":"product_tag","embeddable":true,"href":"https:\/\/www.beevista.pl\/index.php\/wp-json\/wp\/v2\/product_tag?post=736"}],"curies":[{"name":"wp","href":"https:\/\/api.w.org\/{rel}","templated":true}]}}