{"id":721,"date":"2025-06-12T22:56:48","date_gmt":"2025-06-12T20:56:48","guid":{"rendered":"https:\/\/www.beevista.pl\/?post_type=product&#038;p=721"},"modified":"2026-03-03T11:05:03","modified_gmt":"2026-03-03T10:05:03","slug":"chwytak-do-lapania-matki-pszczelej-nozycowy","status":"publish","type":"product","link":"https:\/\/www.beevista.pl\/index.php\/produkt\/chwytak-do-lapania-matki-pszczelej-nozycowy\/","title":{"rendered":"Chwytak do \u0142apania matki pszczelej no\u017cycowy"},"content":{"rendered":"<p>Wygodny chwytak do \u0142apania matki pszczelej w formie &#8222;no\u017cyczek&#8221; z plastikow\u0105, prze\u017aroczyst\u0105 komor\u0105 na matk\u0119.<br \/>\nPozwala w bardzo prosty spos\u00f3b z\u0142apa\u0107 i przetrzyma\u0107 matk\u0119 pszczel\u0105.<\/p>\n","protected":false},"excerpt":{"rendered":"<p>Wygodny chwytak do \u0142apania matki pszczelej w formie &#8222;no\u017cyczek&#8221; z plastikow\u0105, prze\u017aroczyst\u0105 komor\u0105 na matk\u0119. Pozwala w bardzo prosty spos\u00f3b z\u0142apa\u0107 i przetrzyma\u0107 matk\u0119 pszczel\u0105.<\/p>\n","protected":false},"featured_media":722,"template":"","meta":[],"product_brand":[],"product_cat":[38],"product_tag":[],"class_list":{"0":"post-721","1":"product","2":"type-product","3":"status-publish","4":"has-post-thumbnail","6":"product_cat-hodowla-matek","8":"first","9":"instock","10":"taxable","11":"shipping-taxable","12":"purchasable","13":"product-type-simple"},"_links":{"self":[{"href":"https:\/\/www.beevista.pl\/index.php\/wp-json\/wp\/v2\/product\/721","targetHints":{"allow":["GET"]}}],"collection":[{"href":"https:\/\/www.beevista.pl\/index.php\/wp-json\/wp\/v2\/product"}],"about":[{"href":"https:\/\/www.beevista.pl\/index.php\/wp-json\/wp\/v2\/types\/product"}],"wp:featuredmedia":[{"embeddable":true,"href":"https:\/\/www.beevista.pl\/index.php\/wp-json\/wp\/v2\/media\/722"}],"wp:attachment":[{"href":"https:\/\/www.beevista.pl\/index.php\/wp-json\/wp\/v2\/media?parent=721"}],"wp:term":[{"taxonomy":"product_brand","embeddable":true,"href":"https:\/\/www.beevista.pl\/index.php\/wp-json\/wp\/v2\/product_brand?post=721"},{"taxonomy":"product_cat","embeddable":true,"href":"https:\/\/www.beevista.pl\/index.php\/wp-json\/wp\/v2\/product_cat?post=721"},{"taxonomy":"product_tag","embeddable":true,"href":"https:\/\/www.beevista.pl\/index.php\/wp-json\/wp\/v2\/product_tag?post=721"}],"curies":[{"name":"wp","href":"https:\/\/api.w.org\/{rel}","templated":true}]}}