{"id":718,"date":"2025-06-12T22:52:41","date_gmt":"2025-06-12T20:52:41","guid":{"rendered":"https:\/\/www.beevista.pl\/?post_type=product&#038;p=718"},"modified":"2025-12-10T09:34:30","modified_gmt":"2025-12-10T08:34:30","slug":"dozownik-pompka-do-miodu","status":"publish","type":"product","link":"https:\/\/www.beevista.pl\/index.php\/produkt\/dozownik-pompka-do-miodu\/","title":{"rendered":"Dozownik, pompka do miodu"},"content":{"rendered":"<p>Plastikowa pompka mocowana na s\u0142oik jak dozownik do miodu. Idealna do przeprowadzania degustacji miodu.<\/p>\n<p>Dozownik do miodu w komplecie z dwoma nakr\u0119tkami na du\u017ce (\u015brednica 82 mm) i ma\u0142e (\u015brednica 62 mm) s\u0142oiki.<\/p>\n<p>Wzory zakr\u0119tek wysy\u0142amy losowo.<\/p>\n","protected":false},"excerpt":{"rendered":"<p>Plastikowa pompka mocowana na s\u0142oik jak dozownik do miodu. Idealna do przeprowadzania degustacji miodu. Dozownik do miodu w komplecie z dwoma nakr\u0119tkami na du\u017ce (\u015brednica 82 mm) i ma\u0142e (\u015brednica 62 mm) s\u0142oiki. Wzory zakr\u0119tek wysy\u0142amy losowo.<\/p>\n","protected":false},"featured_media":720,"template":"","meta":[],"product_brand":[],"product_cat":[37],"product_tag":[],"class_list":{"0":"post-718","1":"product","2":"type-product","3":"status-publish","4":"has-post-thumbnail","6":"product_cat-sprzet-pszczelarski","8":"first","9":"outofstock","10":"taxable","11":"shipping-taxable","12":"purchasable","13":"product-type-simple"},"_links":{"self":[{"href":"https:\/\/www.beevista.pl\/index.php\/wp-json\/wp\/v2\/product\/718","targetHints":{"allow":["GET"]}}],"collection":[{"href":"https:\/\/www.beevista.pl\/index.php\/wp-json\/wp\/v2\/product"}],"about":[{"href":"https:\/\/www.beevista.pl\/index.php\/wp-json\/wp\/v2\/types\/product"}],"wp:featuredmedia":[{"embeddable":true,"href":"https:\/\/www.beevista.pl\/index.php\/wp-json\/wp\/v2\/media\/720"}],"wp:attachment":[{"href":"https:\/\/www.beevista.pl\/index.php\/wp-json\/wp\/v2\/media?parent=718"}],"wp:term":[{"taxonomy":"product_brand","embeddable":true,"href":"https:\/\/www.beevista.pl\/index.php\/wp-json\/wp\/v2\/product_brand?post=718"},{"taxonomy":"product_cat","embeddable":true,"href":"https:\/\/www.beevista.pl\/index.php\/wp-json\/wp\/v2\/product_cat?post=718"},{"taxonomy":"product_tag","embeddable":true,"href":"https:\/\/www.beevista.pl\/index.php\/wp-json\/wp\/v2\/product_tag?post=718"}],"curies":[{"name":"wp","href":"https:\/\/api.w.org\/{rel}","templated":true}]}}