{"id":707,"date":"2025-06-12T22:27:59","date_gmt":"2025-06-12T20:27:59","guid":{"rendered":"https:\/\/www.beevista.pl\/?post_type=product&#038;p=707"},"modified":"2025-12-10T09:34:53","modified_gmt":"2025-12-10T08:34:53","slug":"lyzka-przyrzad-do-spalania-apiwarolu","status":"publish","type":"product","link":"https:\/\/www.beevista.pl\/index.php\/produkt\/lyzka-przyrzad-do-spalania-apiwarolu\/","title":{"rendered":"\u0141y\u017cka, przyrz\u0105d do spalania APIWAROLu"},"content":{"rendered":"<p>Specjalistyczna \u0142y\u017cka do spalania tabletek Apiwarol to niezast\u0105pione narz\u0119dzie w skutecznej walce z warroz\u0105. Wykonana z wytrzyma\u0142ego metalu, odpornego na dzia\u0142anie wysokich temperatur. Wyprofilowane zako\u0144czenie umo\u017cliwia stabilne umieszczenie tabletki i jej efektywne spalanie w ulu. Tabletk\u0119 nale\u017cy po\u0142o\u017cy\u0107 na ko\u0144cu \u0142y\u017cki, podpali\u0107 i wsun\u0105\u0107 do ula.<\/p>\n<p>\u2705 Wysokiej jako\u015bci stal nierdzewna \u2013 trwa\u0142o\u015b\u0107 i \u0142atwe czyszczenie<br \/>\n\u2705 Bezpieczne u\u017cytkowanie \u2013 wyd\u0142u\u017cony trzonek chroni przed oparzeniami<br \/>\n\u2705 Dedykowana do Apiwarolu \u2013 idealne dopasowanie do rozmiaru tabletki<br \/>\n\u2705 Precyzyjne spalanie \u2013 maksymalna skuteczno\u015b\u0107 dymienia<\/p>\n","protected":false},"excerpt":{"rendered":"<p>Specjalistyczna \u0142y\u017cka do spalania tabletek Apiwarol to niezast\u0105pione narz\u0119dzie w skutecznej walce z warroz\u0105. Wykonana z wytrzyma\u0142ego metalu, odpornego na dzia\u0142anie wysokich temperatur. Wyprofilowane zako\u0144czenie umo\u017cliwia stabilne umieszczenie tabletki i jej efektywne spalanie w ulu. Tabletk\u0119 nale\u017cy po\u0142o\u017cy\u0107 na ko\u0144cu \u0142y\u017cki, podpali\u0107 i wsun\u0105\u0107 do ula. \u2705 Wysokiej jako\u015bci stal nierdzewna \u2013 trwa\u0142o\u015b\u0107 i \u0142atwe [&hellip;]<\/p>\n","protected":false},"featured_media":708,"template":"","meta":[],"product_brand":[],"product_cat":[37],"product_tag":[],"class_list":{"0":"post-707","1":"product","2":"type-product","3":"status-publish","4":"has-post-thumbnail","6":"product_cat-sprzet-pszczelarski","8":"first","9":"outofstock","10":"taxable","11":"shipping-taxable","12":"purchasable","13":"product-type-simple"},"_links":{"self":[{"href":"https:\/\/www.beevista.pl\/index.php\/wp-json\/wp\/v2\/product\/707","targetHints":{"allow":["GET"]}}],"collection":[{"href":"https:\/\/www.beevista.pl\/index.php\/wp-json\/wp\/v2\/product"}],"about":[{"href":"https:\/\/www.beevista.pl\/index.php\/wp-json\/wp\/v2\/types\/product"}],"wp:featuredmedia":[{"embeddable":true,"href":"https:\/\/www.beevista.pl\/index.php\/wp-json\/wp\/v2\/media\/708"}],"wp:attachment":[{"href":"https:\/\/www.beevista.pl\/index.php\/wp-json\/wp\/v2\/media?parent=707"}],"wp:term":[{"taxonomy":"product_brand","embeddable":true,"href":"https:\/\/www.beevista.pl\/index.php\/wp-json\/wp\/v2\/product_brand?post=707"},{"taxonomy":"product_cat","embeddable":true,"href":"https:\/\/www.beevista.pl\/index.php\/wp-json\/wp\/v2\/product_cat?post=707"},{"taxonomy":"product_tag","embeddable":true,"href":"https:\/\/www.beevista.pl\/index.php\/wp-json\/wp\/v2\/product_tag?post=707"}],"curies":[{"name":"wp","href":"https:\/\/api.w.org\/{rel}","templated":true}]}}