{"id":624,"date":"2025-06-11T09:46:56","date_gmt":"2025-06-11T07:46:56","guid":{"rendered":"https:\/\/www.beevista.pl\/?post_type=product&#038;p=624"},"modified":"2025-12-10T09:34:10","modified_gmt":"2025-12-10T08:34:10","slug":"zawor-klapowy-do-odstojnika-48mm-nie-kapiacy","status":"publish","type":"product","link":"https:\/\/www.beevista.pl\/index.php\/produkt\/zawor-klapowy-do-odstojnika-48mm-nie-kapiacy\/","title":{"rendered":"Zaw\u00f3r klapowy do odstojnika 48mm nie kapi\u0105cy"},"content":{"rendered":"<p>Praktyczny zaw\u00f3r do dozowania miodu wyposa\u017cony w mocn\u0105 spr\u0119\u017cyn\u0119 dociskow\u0105 z mo\u017cliwo\u015bci\u0105 regulacji o \u015brednicy 48mm. Wykonany z bezpiecznego, solidnego i atestowanego tworzywa.<\/p>\n<p>Zaw\u00f3r zapewnia bardzo czyste i dok\u0142adne odci\u0119cie. Du\u017ca, wygodna r\u0105czka podnosi komfort u\u017cytkowania. W komplecie z nakr\u0119tk\u0105 i uszczelk\u0105.<\/p>\n<p>&nbsp;<\/p>\n","protected":false},"excerpt":{"rendered":"<p>Praktyczny zaw\u00f3r do dozowania miodu wyposa\u017cony w mocn\u0105 spr\u0119\u017cyn\u0119 dociskow\u0105 z mo\u017cliwo\u015bci\u0105 regulacji o \u015brednicy 48mm. Wykonany z bezpiecznego, solidnego i atestowanego tworzywa. Zaw\u00f3r zapewnia bardzo czyste i dok\u0142adne odci\u0119cie. Du\u017ca, wygodna r\u0105czka podnosi komfort u\u017cytkowania. W komplecie z nakr\u0119tk\u0105 i uszczelk\u0105. &nbsp;<\/p>\n","protected":false},"featured_media":625,"template":"","meta":[],"product_brand":[],"product_cat":[37],"product_tag":[],"class_list":{"0":"post-624","1":"product","2":"type-product","3":"status-publish","4":"has-post-thumbnail","6":"product_cat-sprzet-pszczelarski","8":"first","9":"instock","10":"taxable","11":"shipping-taxable","12":"purchasable","13":"product-type-simple"},"_links":{"self":[{"href":"https:\/\/www.beevista.pl\/index.php\/wp-json\/wp\/v2\/product\/624","targetHints":{"allow":["GET"]}}],"collection":[{"href":"https:\/\/www.beevista.pl\/index.php\/wp-json\/wp\/v2\/product"}],"about":[{"href":"https:\/\/www.beevista.pl\/index.php\/wp-json\/wp\/v2\/types\/product"}],"wp:featuredmedia":[{"embeddable":true,"href":"https:\/\/www.beevista.pl\/index.php\/wp-json\/wp\/v2\/media\/625"}],"wp:attachment":[{"href":"https:\/\/www.beevista.pl\/index.php\/wp-json\/wp\/v2\/media?parent=624"}],"wp:term":[{"taxonomy":"product_brand","embeddable":true,"href":"https:\/\/www.beevista.pl\/index.php\/wp-json\/wp\/v2\/product_brand?post=624"},{"taxonomy":"product_cat","embeddable":true,"href":"https:\/\/www.beevista.pl\/index.php\/wp-json\/wp\/v2\/product_cat?post=624"},{"taxonomy":"product_tag","embeddable":true,"href":"https:\/\/www.beevista.pl\/index.php\/wp-json\/wp\/v2\/product_tag?post=624"}],"curies":[{"name":"wp","href":"https:\/\/api.w.org\/{rel}","templated":true}]}}