{"id":597,"date":"2025-06-01T19:44:12","date_gmt":"2025-06-01T17:44:12","guid":{"rendered":"https:\/\/www.beevista.pl\/?post_type=product&#038;p=597"},"modified":"2026-04-07T07:12:12","modified_gmt":"2026-04-07T05:12:12","slug":"dozownik-parownik-kwasu-mrowkowego-dr-liebiga","status":"publish","type":"product","link":"https:\/\/www.beevista.pl\/index.php\/produkt\/dozownik-parownik-kwasu-mrowkowego-dr-liebiga\/","title":{"rendered":"Dozownik\/parownik kwasu mr\u00f3wkowego dr. Liebiga"},"content":{"rendered":"<p><strong data-start=\"334\" data-end=\"384\">Skuteczna i sprawdzona metoda walki z warroz\u0105! <\/strong>Dozownik (parownik) kwasu mr\u00f3wkowego wg dr. Liebiga to proste i niezawodne urz\u0105dzenie s\u0142u\u017c\u0105ce do <strong data-start=\"484\" data-end=\"529\">kontrolowanego parowania kwasu mr\u00f3wkowego<\/strong> w ulu. Pozwala skutecznie zwalcza\u0107 paso\u017cyta <strong data-start=\"574\" data-end=\"595\">Varroa destructor<\/strong> w spos\u00f3b naturalny i zgodny z zasadami dobrej praktyki pszczelarskiej.<\/p>\n<h3 data-start=\"673\" data-end=\"708\">\ud83d\udd27 <strong data-start=\"680\" data-end=\"708\">Cechy i zalety produktu:<\/strong><\/h3>\n<ul data-start=\"709\" data-end=\"993\">\n<li data-start=\"709\" data-end=\"775\">\n<p data-start=\"711\" data-end=\"775\">\ud83e\uddea <strong data-start=\"714\" data-end=\"773\">Sta\u0142e i kontrolowane uwalnianie opar\u00f3w kwasu mr\u00f3wkowego<\/strong><\/p>\n<\/li>\n<li data-start=\"776\" data-end=\"835\">\n<p data-start=\"778\" data-end=\"835\">\ud83d\udccf <strong data-start=\"781\" data-end=\"803\">Prosta konstrukcja<\/strong> \u2013 \u0142atwa obs\u0142uga i czyszczenie<\/p>\n<\/li>\n<li data-start=\"836\" data-end=\"895\">\n<p data-start=\"838\" data-end=\"895\">\ud83d\udc1d <strong data-start=\"841\" data-end=\"867\">Bezpieczny dla pszcz\u00f3\u0142<\/strong> \u2013 przy zachowaniu zalece\u0144<\/p>\n<\/li>\n<li data-start=\"896\" data-end=\"953\">\n<p data-start=\"898\" data-end=\"953\">\ud83d\udca8 <strong data-start=\"901\" data-end=\"951\">Skuteczno\u015b\u0107 potwierdzona w praktyce pasiecznej<\/strong><\/p>\n<\/li>\n<li data-start=\"954\" data-end=\"993\">\n<p data-start=\"956\" data-end=\"993\">\u267b\ufe0f <strong data-start=\"959\" data-end=\"993\">Mo\u017cliwo\u015b\u0107 wielokrotnego u\u017cytku<\/strong><\/p>\n<\/li>\n<\/ul>\n<h3 data-start=\"1000\" data-end=\"1024\">\ud83d\udcdd <strong data-start=\"1007\" data-end=\"1024\">Zastosowanie:<\/strong><\/h3>\n<ul data-start=\"1025\" data-end=\"1286\">\n<li data-start=\"1025\" data-end=\"1072\">\n<p data-start=\"1027\" data-end=\"1072\">Do stosowania z <strong data-start=\"1043\" data-end=\"1070\">kwasem mr\u00f3wkowym 60\u201385%<\/strong><\/p>\n<\/li>\n<li data-start=\"1073\" data-end=\"1135\">\n<p data-start=\"1075\" data-end=\"1135\">Szczeg\u00f3lnie polecany <strong data-start=\"1096\" data-end=\"1133\">w okresie p\u00f3\u017anoletnim i jesiennym<\/strong><\/p>\n<\/li>\n<li data-start=\"1136\" data-end=\"1205\">\n<p data-start=\"1138\" data-end=\"1205\">Idealny do leczenia <strong data-start=\"1158\" data-end=\"1203\">rodzin pszczelich w warunkach naturalnych<\/strong><\/p>\n<\/li>\n<li data-start=\"1206\" data-end=\"1286\">\n<p data-start=\"1208\" data-end=\"1286\">Polecany zar\u00f3wno dla <strong data-start=\"1229\" data-end=\"1247\">pocz\u0105tkuj\u0105cych<\/strong>, jak i <strong data-start=\"1255\" data-end=\"1286\">profesjonalnych pszczelarzy<\/strong><\/p>\n<\/li>\n<\/ul>\n<h3 data-start=\"1122\" data-end=\"1150\">\ud83d\udce6 Zawarto\u015b\u0107 opakowania:<\/h3>\n<ul data-start=\"1151\" data-end=\"1237\">\n<li data-start=\"1151\" data-end=\"1181\">\n<p data-start=\"1153\" data-end=\"1181\">1 szt. butelka 300 ml<\/p>\n<\/li>\n<li data-start=\"1151\" data-end=\"1181\">\n<p data-start=\"1153\" data-end=\"1181\">4 szt. kartonowy knot<\/p>\n<\/li>\n<li data-start=\"1151\" data-end=\"1181\">\n<p data-start=\"1153\" data-end=\"1181\">1 szt. p\u0142ytka parownika<\/p>\n<\/li>\n<\/ul>\n","protected":false},"excerpt":{"rendered":"<p>Skuteczna i sprawdzona metoda walki z warroz\u0105! Dozownik (parownik) kwasu mr\u00f3wkowego wg dr. Liebiga to proste i niezawodne urz\u0105dzenie s\u0142u\u017c\u0105ce do kontrolowanego parowania kwasu mr\u00f3wkowego w ulu. Pozwala skutecznie zwalcza\u0107 paso\u017cyta Varroa destructor w spos\u00f3b naturalny i zgodny z zasadami dobrej praktyki pszczelarskiej. \ud83d\udd27 Cechy i zalety produktu: \ud83e\uddea Sta\u0142e i kontrolowane uwalnianie opar\u00f3w kwasu [&hellip;]<\/p>\n","protected":false},"featured_media":598,"template":"","meta":[],"product_brand":[34],"product_cat":[36],"product_tag":[],"class_list":{"0":"post-597","1":"product","2":"type-product","3":"status-publish","4":"has-post-thumbnail","6":"product_brand-vetanimal","7":"product_cat-chemia-pszczelarska","9":"first","10":"instock","11":"taxable","12":"shipping-taxable","13":"purchasable","14":"product-type-simple"},"_links":{"self":[{"href":"https:\/\/www.beevista.pl\/index.php\/wp-json\/wp\/v2\/product\/597","targetHints":{"allow":["GET"]}}],"collection":[{"href":"https:\/\/www.beevista.pl\/index.php\/wp-json\/wp\/v2\/product"}],"about":[{"href":"https:\/\/www.beevista.pl\/index.php\/wp-json\/wp\/v2\/types\/product"}],"wp:featuredmedia":[{"embeddable":true,"href":"https:\/\/www.beevista.pl\/index.php\/wp-json\/wp\/v2\/media\/598"}],"wp:attachment":[{"href":"https:\/\/www.beevista.pl\/index.php\/wp-json\/wp\/v2\/media?parent=597"}],"wp:term":[{"taxonomy":"product_brand","embeddable":true,"href":"https:\/\/www.beevista.pl\/index.php\/wp-json\/wp\/v2\/product_brand?post=597"},{"taxonomy":"product_cat","embeddable":true,"href":"https:\/\/www.beevista.pl\/index.php\/wp-json\/wp\/v2\/product_cat?post=597"},{"taxonomy":"product_tag","embeddable":true,"href":"https:\/\/www.beevista.pl\/index.php\/wp-json\/wp\/v2\/product_tag?post=597"}],"curies":[{"name":"wp","href":"https:\/\/api.w.org\/{rel}","templated":true}]}}