{"id":438,"date":"2025-01-25T15:22:34","date_gmt":"2025-01-25T14:22:34","guid":{"rendered":"https:\/\/www.beevista.pl\/?post_type=product&#038;p=438"},"modified":"2026-01-18T18:57:24","modified_gmt":"2026-01-18T17:57:24","slug":"palacio-krem-do-twarzy-na-noc-z-12-oleju-konopnego-50-ml","status":"publish","type":"product","link":"https:\/\/www.beevista.pl\/index.php\/produkt\/palacio-krem-do-twarzy-na-noc-z-12-oleju-konopnego-50-ml\/","title":{"rendered":"PALACIO Cannabis \u2013 Krem do twarzy na noc z olejem konopnym 50 ml"},"content":{"rendered":"<p data-start=\"242\" data-end=\"640\">Regeneracja sk\u00f3ry zaczyna si\u0119 noc\u0105 \u2728 <strong data-start=\"279\" data-end=\"316\">PALACIO Cannabis Night Face Cream<\/strong> to od\u017cywczy krem na noc z wysok\u0105 zawarto\u015bci\u0105 <strong data-start=\"362\" data-end=\"393\">naturalnego oleju konopnego<\/strong>, stworzony dla wszystkich typ\u00f3w cery. Idealny dla sk\u00f3ry <strong data-start=\"450\" data-end=\"475\">zm\u0119czonej i dojrza\u0142ej<\/strong>, intensywnie od\u017cywia, wspiera procesy regeneracyjne i pomaga w walce z oznakami starzenia. Rano Twoja sk\u00f3ra b\u0119dzie <strong data-start=\"591\" data-end=\"637\">g\u0142adsza, bardziej spr\u0119\u017cysta i pe\u0142na blasku<\/strong>.<\/p>\n<p data-start=\"642\" data-end=\"931\">\ud83d\udc86\u200d\u2640\ufe0f <strong data-start=\"648\" data-end=\"686\">Regeneruje i koi sk\u00f3r\u0119 podczas snu<\/strong><br data-start=\"686\" data-end=\"689\" \/>\ud83d\udca7 <strong data-start=\"692\" data-end=\"724\">Dog\u0142\u0119bnie nawil\u017ca i zmi\u0119kcza<\/strong><br data-start=\"724\" data-end=\"727\" \/>\ud83d\udee1\ufe0f <strong data-start=\"731\" data-end=\"777\">Chroni przed negatywnym wp\u0142ywem \u015brodowiska<\/strong><br data-start=\"777\" data-end=\"780\" \/>\ud83c\udf19 <strong data-start=\"783\" data-end=\"818\">Wspomaga nocn\u0105 odnow\u0119 kom\u00f3rkow\u0105<\/strong><br data-start=\"818\" data-end=\"821\" \/>\ud83d\udca8 <strong data-start=\"824\" data-end=\"867\">Szybko si\u0119 wch\u0142ania, bez t\u0142ustego filmu<\/strong><br data-start=\"867\" data-end=\"870\" \/>\ud83c\udf38 <strong data-start=\"873\" data-end=\"893\">Delikatny zapach<\/strong><br data-start=\"893\" data-end=\"896\" \/>\ud83d\udd2c <strong data-start=\"899\" data-end=\"929\">Testowany dermatologicznie<\/strong><\/p>\n<h3 data-start=\"933\" data-end=\"956\">\u2705 Dlaczego warto?<\/h3>\n<ul data-start=\"958\" data-end=\"1177\">\n<li data-start=\"958\" data-end=\"1009\">\n<p data-start=\"960\" data-end=\"1009\">Intensywnie od\u017cywia i wspiera regeneracj\u0119 nocn\u0105<\/p>\n<\/li>\n<li data-start=\"1010\" data-end=\"1058\">\n<p data-start=\"1012\" data-end=\"1058\">Pomaga przeciwdzia\u0142a\u0107 powstawaniu zmarszczek<\/p>\n<\/li>\n<li data-start=\"1059\" data-end=\"1097\">\n<p data-start=\"1061\" data-end=\"1097\">Stymuluje proces odnowy kom\u00f3rkowej<\/p>\n<\/li>\n<li data-start=\"1098\" data-end=\"1140\">\n<p data-start=\"1100\" data-end=\"1140\">Poprawia g\u0142adko\u015b\u0107 i elastyczno\u015b\u0107 sk\u00f3ry<\/p>\n<\/li>\n<li data-start=\"1141\" data-end=\"1177\">\n<p data-start=\"1143\" data-end=\"1177\">Odpowiedni dla ka\u017cdego typu cery<\/p>\n<\/li>\n<\/ul>\n<h3 data-start=\"1179\" data-end=\"1206\">\ud83c\udf31 Sk\u0142adniki aktywne:<\/h3>\n<ul data-start=\"1208\" data-end=\"1550\">\n<li data-start=\"1208\" data-end=\"1307\">\n<p data-start=\"1210\" data-end=\"1307\"><strong data-start=\"1210\" data-end=\"1226\">Olej konopny<\/strong> \u2013 bogaty w kwasy omega-3 i omega-6, regeneruje, nawil\u017ca i wspiera odnow\u0119 sk\u00f3ry<\/p>\n<\/li>\n<li data-start=\"1308\" data-end=\"1362\">\n<p data-start=\"1310\" data-end=\"1362\"><strong data-start=\"1310\" data-end=\"1327\">Olej kokosowy<\/strong> \u2013 intensywnie od\u017cywia i wyg\u0142adza<\/p>\n<\/li>\n<li data-start=\"1363\" data-end=\"1439\">\n<p data-start=\"1365\" data-end=\"1439\"><strong data-start=\"1365\" data-end=\"1377\">Glyceryl<\/strong> \u2013 sk\u0142adnik nawil\u017caj\u0105cy, utrzymuje odpowiedni poziom wilgoci<\/p>\n<\/li>\n<li data-start=\"1440\" data-end=\"1503\">\n<p data-start=\"1442\" data-end=\"1503\"><strong data-start=\"1442\" data-end=\"1454\">Lanolina<\/strong> \u2013 chroni, zmi\u0119kcza i wzmacnia barier\u0119 lipidow\u0105<\/p>\n<\/li>\n<li data-start=\"1504\" data-end=\"1550\">\n<p data-start=\"1506\" data-end=\"1550\"><strong data-start=\"1506\" data-end=\"1517\">Perfumy<\/strong> \u2013 subtelny, relaksuj\u0105cy zapach<\/p>\n<\/li>\n<\/ul>\n<h3 data-start=\"1552\" data-end=\"1574\">\ud83e\uddf4 Jak stosowa\u0107?<\/h3>\n<p data-start=\"1576\" data-end=\"1774\">Nanie\u015b krem na <strong data-start=\"1591\" data-end=\"1619\">oczyszczon\u0105 sk\u00f3r\u0119 twarzy<\/strong> i delikatnie wmasuj <strong data-start=\"1640\" data-end=\"1661\">okr\u0119\u017cnymi ruchami<\/strong> a\u017c do ca\u0142kowitego wch\u0142oni\u0119cia.<br data-start=\"1692\" data-end=\"1695\" \/>\ud83d\udcc5 Stosuj <strong data-start=\"1705\" data-end=\"1736\">regularnie ka\u017cdego wieczoru<\/strong> jako cz\u0119\u015b\u0107 rytua\u0142u piel\u0119gnacyjnego.<\/p>\n<h3 data-start=\"1776\" data-end=\"1843\">\ud83c\udf3f Konopie \u2013 naturalna piel\u0119gnacja dla wszystkich typ\u00f3w sk\u00f3ry<\/h3>\n<p data-start=\"1845\" data-end=\"2218\"><strong data-start=\"1845\" data-end=\"1861\">Olej konopny<\/strong> to wszechstronny sk\u0142adnik kosmetyczny, bogaty w <strong data-start=\"1910\" data-end=\"1937\">kwasy omega-3 i omega-6<\/strong>, kt\u00f3re intensywnie nawil\u017caj\u0105 i wspieraj\u0105 naturaln\u0105 barier\u0119 sk\u00f3ry. Dzia\u0142a <strong data-start=\"2011\" data-end=\"2079\">przeciwzapalnie, \u0142agodzi podra\u017cnienia i redukuje zaczerwienienia<\/strong>, a dzi\u0119ki antyoksydantom chroni przed przedwczesnym starzeniem. Idealny dla sk\u00f3ry potrzebuj\u0105cej <strong data-start=\"2176\" data-end=\"2215\">odnowy, r\u00f3wnowagi i zdrowego blasku<\/strong>.<\/p>\n","protected":false},"excerpt":{"rendered":"<p>Regeneracja sk\u00f3ry zaczyna si\u0119 noc\u0105 \u2728 PALACIO Cannabis Night Face Cream to od\u017cywczy krem na noc z wysok\u0105 zawarto\u015bci\u0105 naturalnego oleju konopnego, stworzony dla wszystkich typ\u00f3w cery. Idealny dla sk\u00f3ry zm\u0119czonej i dojrza\u0142ej, intensywnie od\u017cywia, wspiera procesy regeneracyjne i pomaga w walce z oznakami starzenia. Rano Twoja sk\u00f3ra b\u0119dzie g\u0142adsza, bardziej spr\u0119\u017cysta i pe\u0142na blasku. [&hellip;]<\/p>\n","protected":false},"featured_media":33070,"template":"","meta":[],"product_brand":[22],"product_cat":[21],"product_tag":[],"class_list":{"0":"post-438","1":"product","2":"type-product","3":"status-publish","4":"has-post-thumbnail","6":"product_brand-palacio","7":"product_cat-palacio","9":"first","10":"instock","11":"taxable","12":"shipping-taxable","13":"purchasable","14":"product-type-simple"},"_links":{"self":[{"href":"https:\/\/www.beevista.pl\/index.php\/wp-json\/wp\/v2\/product\/438","targetHints":{"allow":["GET"]}}],"collection":[{"href":"https:\/\/www.beevista.pl\/index.php\/wp-json\/wp\/v2\/product"}],"about":[{"href":"https:\/\/www.beevista.pl\/index.php\/wp-json\/wp\/v2\/types\/product"}],"wp:featuredmedia":[{"embeddable":true,"href":"https:\/\/www.beevista.pl\/index.php\/wp-json\/wp\/v2\/media\/33070"}],"wp:attachment":[{"href":"https:\/\/www.beevista.pl\/index.php\/wp-json\/wp\/v2\/media?parent=438"}],"wp:term":[{"taxonomy":"product_brand","embeddable":true,"href":"https:\/\/www.beevista.pl\/index.php\/wp-json\/wp\/v2\/product_brand?post=438"},{"taxonomy":"product_cat","embeddable":true,"href":"https:\/\/www.beevista.pl\/index.php\/wp-json\/wp\/v2\/product_cat?post=438"},{"taxonomy":"product_tag","embeddable":true,"href":"https:\/\/www.beevista.pl\/index.php\/wp-json\/wp\/v2\/product_tag?post=438"}],"curies":[{"name":"wp","href":"https:\/\/api.w.org\/{rel}","templated":true}]}}