{"id":358,"date":"2025-01-17T21:23:36","date_gmt":"2025-01-17T20:23:36","guid":{"rendered":"https:\/\/www.beevista.pl\/?post_type=product&#038;p=358"},"modified":"2025-12-10T09:30:50","modified_gmt":"2025-12-10T08:30:50","slug":"teoria-i-praktyka-wytwarzania-leczniczych-preparatow-propolisowych","status":"publish","type":"product","link":"https:\/\/www.beevista.pl\/index.php\/produkt\/teoria-i-praktyka-wytwarzania-leczniczych-preparatow-propolisowych\/","title":{"rendered":"Teoria i praktyka wytwarzania leczniczych preparat\u00f3w propolisowych"},"content":{"rendered":"<p>Autorzy od ponad 30 lat zajmuj\u0105 si\u0119 badaniami nad propolisem, aktualno\u015bci\u0105 wykorzystania preparat\u00f3w na bazie propolisu jako \u015brodka pochodzenia naturalnego. W niniejszej publikacji opisany jest szereg korzystnych zastosowa\u0144 tego produktu w r\u00f3\u017cnych rodzajach terapii.<\/p>\n<p>Propolis jest jedynym produktem pszczelim, kt\u00f3ry na \u015bwiecie znalaz\u0142 szerokie zastosowanie w leczeniu chor\u00f3b zewn\u0119trznych i wewn\u0119trznych. Propolis jest produktem naturalnym, zbieranym przez pszczo\u0142y z p\u0105czk\u00f3w niekt\u00f3rych drzew i cz\u0119\u015bciowo wzbogacony przez wosk i wydzielin\u0119 gruczo\u0142\u00f3w pszczelich oraz balsam py\u0142kowy. Do cel\u00f3w leczniczych stosuje si\u0119 zwykle wyci\u0105gi etanolowe tego produktu. Dzi\u0119ki licznym w\u0142a\u015bciwo\u015bciom biologicznym stosowanie propolisu pozwala na uzyskanie pozytywnych wynik\u00f3w terapeutycznych w schorzeniach sk\u00f3ry i b\u0142on \u015bluzowych. Na czo\u0142o schorze\u0144 skutecznie leczonych propolisem wysuwaj\u0105 si\u0119 ropne choroby sk\u00f3ry, w tym zaka\u017cone rany oparzeniowe, a tak\u017ce grzybice i rany popromienne. Propolis ch\u0119tnie stosowany jest w leczeniu powik\u0142a\u0144 pooperacyjnych, schorzeniach otolaryngologicznych, stomatologicznych i oftalmologicznych.<\/p>\n<p>Wydawnictwo: Apipol-Farma<br \/>\nAutor: A. I. Tichonow, T.G. Jarnych, W.P. Czernych, J.A., Zypaniec, S.A. Tichonowa<br \/>\nT\u0142umacz: Maria Bogus\u0142awska<br \/>\nRok wydania: 2011<br \/>\nLiczba stron : 274<br \/>\nOprawa: mi\u0119kka<br \/>\nWymiary: 145 x 205 mm<br \/>\nZdj\u0119cie ksi\u0105\u017cki pogl\u0105dowe<br \/>\nISBN: 83-929203-0-1<\/p>\n","protected":false},"excerpt":{"rendered":"<p>Autorzy od ponad 30 lat zajmuj\u0105 si\u0119 badaniami nad propolisem, aktualno\u015bci\u0105 wykorzystania preparat\u00f3w na bazie propolisu jako \u015brodka pochodzenia naturalnego. W niniejszej publikacji opisany jest szereg korzystnych zastosowa\u0144 tego produktu w r\u00f3\u017cnych rodzajach terapii. Propolis jest jedynym produktem pszczelim, kt\u00f3ry na \u015bwiecie znalaz\u0142 szerokie zastosowanie w leczeniu chor\u00f3b zewn\u0119trznych i wewn\u0119trznych. Propolis jest produktem naturalnym, [&hellip;]<\/p>\n","protected":false},"featured_media":359,"template":"","meta":[],"product_brand":[],"product_cat":[18],"product_tag":[],"class_list":{"0":"post-358","1":"product","2":"type-product","3":"status-publish","4":"has-post-thumbnail","6":"product_cat-literatura","8":"first","9":"outofstock","10":"taxable","11":"shipping-taxable","12":"purchasable","13":"product-type-simple"},"_links":{"self":[{"href":"https:\/\/www.beevista.pl\/index.php\/wp-json\/wp\/v2\/product\/358","targetHints":{"allow":["GET"]}}],"collection":[{"href":"https:\/\/www.beevista.pl\/index.php\/wp-json\/wp\/v2\/product"}],"about":[{"href":"https:\/\/www.beevista.pl\/index.php\/wp-json\/wp\/v2\/types\/product"}],"wp:featuredmedia":[{"embeddable":true,"href":"https:\/\/www.beevista.pl\/index.php\/wp-json\/wp\/v2\/media\/359"}],"wp:attachment":[{"href":"https:\/\/www.beevista.pl\/index.php\/wp-json\/wp\/v2\/media?parent=358"}],"wp:term":[{"taxonomy":"product_brand","embeddable":true,"href":"https:\/\/www.beevista.pl\/index.php\/wp-json\/wp\/v2\/product_brand?post=358"},{"taxonomy":"product_cat","embeddable":true,"href":"https:\/\/www.beevista.pl\/index.php\/wp-json\/wp\/v2\/product_cat?post=358"},{"taxonomy":"product_tag","embeddable":true,"href":"https:\/\/www.beevista.pl\/index.php\/wp-json\/wp\/v2\/product_tag?post=358"}],"curies":[{"name":"wp","href":"https:\/\/api.w.org\/{rel}","templated":true}]}}