{"id":356,"date":"2025-01-17T21:18:33","date_gmt":"2025-01-17T20:18:33","guid":{"rendered":"https:\/\/www.beevista.pl\/?post_type=product&#038;p=356"},"modified":"2025-12-10T09:30:46","modified_gmt":"2025-12-10T08:30:46","slug":"pylek-kwiatowy-obnoze-pszczele-w-farmacji-i-medycynie","status":"publish","type":"product","link":"https:\/\/www.beevista.pl\/index.php\/produkt\/pylek-kwiatowy-obnoze-pszczele-w-farmacji-i-medycynie\/","title":{"rendered":"Py\u0142ek kwiatowy obn\u00f3\u017ce pszczele w farmacji i medycynie"},"content":{"rendered":"<p>Jest to\u00a0monografia po\u015bwi\u0119cona jednemu z\u00a0najcenniejszych produkt\u00f3w pszczelich, jakim jest py\u0142ek kwiatowy. Przedstawiono w\u00a0niej najnowsze osi\u0105gni\u0119cia z\u00a0technologii bada\u0144 chemicznych, fizykochemicznych oraz farmakologicznych standaryzowanych biologicznie aktywnych substancji otrzymanych z\u00a0py\u0142ku kwiatowego. Ponadto znajduj\u0105 si\u0119 tu\u00a0materia\u0142y dotycz\u0105ce mo\u017cliwo\u015bci praktycznego wykorzystania py\u0142ku kwiatowego do\u00a0wytwarzania preparat\u00f3w leczniczych. To\u00a0przegl\u0105d bada\u0144 naukowych odno\u015bnie ca\u0142okszta\u0142tu zagadnie\u0144 dotycz\u0105cych py\u0142ku kwiatowego, wykonanych na\u00a0przestrzeni oko\u0142o 50\u00a0lat. Ksi\u0105\u017cka zawiera najnowsze opracowania naukowe dotycz\u0105ce zar\u00f3wno surowca, obn\u00f3\u017ca pszczelego i\u00a0otrzymywanych z\u00a0niego substancji biologicznie czynnych stosowanych nie tylko w\u00a0medycynie cz\u0142owieka, ale tak\u017ce w\u00a0medycynie weterynaryjnej, hodowli zwierz\u0105t i\u00a0pszczelarstwie. To\u00a0bardzo cenne kompendium wiedzy zamykaj\u0105ce ca\u0142okszta\u0142t informacji o\u00a0pszczelim py\u0142ku kwiatowym i\u00a0perspektywach jego wykorzystania do\u00a0receptur nowych lek\u00f3w, suplement\u00f3w diety, kosmetyk\u00f3w.<\/p>\n<p>Wydawnictwo: Apipol-Farma<br \/>\nAutor: A.I. Tichonow, K.\u00a0Sodzawiczny, S.A. Tichonowa, T.G. Jarnych, L.I. Bondarczuk, A.M. Kotenko<br \/>\nRok wydania: 2008<br \/>\nIlo\u015b\u0107 stron: 273<br \/>\nOprawa: mi\u0119kka<br \/>\nWymiary: 150 mm x 210 mm<br \/>\nZdj\u0119cie ksi\u0105\u017cki pogl\u0105dowe<br \/>\nISBN: 978-83-923203-1-9<\/p>\n","protected":false},"excerpt":{"rendered":"<p>Jest to\u00a0monografia po\u015bwi\u0119cona jednemu z\u00a0najcenniejszych produkt\u00f3w pszczelich, jakim jest py\u0142ek kwiatowy. Przedstawiono w\u00a0niej najnowsze osi\u0105gni\u0119cia z\u00a0technologii bada\u0144 chemicznych, fizykochemicznych oraz farmakologicznych standaryzowanych biologicznie aktywnych substancji otrzymanych z\u00a0py\u0142ku kwiatowego. Ponadto znajduj\u0105 si\u0119 tu\u00a0materia\u0142y dotycz\u0105ce mo\u017cliwo\u015bci praktycznego wykorzystania py\u0142ku kwiatowego do\u00a0wytwarzania preparat\u00f3w leczniczych. To\u00a0przegl\u0105d bada\u0144 naukowych odno\u015bnie ca\u0142okszta\u0142tu zagadnie\u0144 dotycz\u0105cych py\u0142ku kwiatowego, wykonanych na\u00a0przestrzeni oko\u0142o 50\u00a0lat. Ksi\u0105\u017cka [&hellip;]<\/p>\n","protected":false},"featured_media":357,"template":"","meta":[],"product_brand":[],"product_cat":[18],"product_tag":[],"class_list":{"0":"post-356","1":"product","2":"type-product","3":"status-publish","4":"has-post-thumbnail","6":"product_cat-literatura","8":"first","9":"instock","10":"taxable","11":"shipping-taxable","12":"purchasable","13":"product-type-simple"},"_links":{"self":[{"href":"https:\/\/www.beevista.pl\/index.php\/wp-json\/wp\/v2\/product\/356","targetHints":{"allow":["GET"]}}],"collection":[{"href":"https:\/\/www.beevista.pl\/index.php\/wp-json\/wp\/v2\/product"}],"about":[{"href":"https:\/\/www.beevista.pl\/index.php\/wp-json\/wp\/v2\/types\/product"}],"wp:featuredmedia":[{"embeddable":true,"href":"https:\/\/www.beevista.pl\/index.php\/wp-json\/wp\/v2\/media\/357"}],"wp:attachment":[{"href":"https:\/\/www.beevista.pl\/index.php\/wp-json\/wp\/v2\/media?parent=356"}],"wp:term":[{"taxonomy":"product_brand","embeddable":true,"href":"https:\/\/www.beevista.pl\/index.php\/wp-json\/wp\/v2\/product_brand?post=356"},{"taxonomy":"product_cat","embeddable":true,"href":"https:\/\/www.beevista.pl\/index.php\/wp-json\/wp\/v2\/product_cat?post=356"},{"taxonomy":"product_tag","embeddable":true,"href":"https:\/\/www.beevista.pl\/index.php\/wp-json\/wp\/v2\/product_tag?post=356"}],"curies":[{"name":"wp","href":"https:\/\/api.w.org\/{rel}","templated":true}]}}