{"id":33710,"date":"2026-04-28T10:48:22","date_gmt":"2026-04-28T08:48:22","guid":{"rendered":"https:\/\/www.beevista.pl\/?post_type=product&#038;p=33710"},"modified":"2026-04-28T10:48:45","modified_gmt":"2026-04-28T08:48:45","slug":"plastikowa-dennica-higieniczna-wielkopolska-10r","status":"publish","type":"product","link":"https:\/\/www.beevista.pl\/index.php\/produkt\/plastikowa-dennica-higieniczna-wielkopolska-10r\/","title":{"rendered":"Plastikowa dennica higieniczna wielkopolska 10R"},"content":{"rendered":"<p>Dennica plastikowa wielkopolska s\u0142u\u017cy do kontroli osypu paso\u017cyt\u00f3w Varroa destructor, a tym samym monitoringu pora\u017cenia rodzin pszczelich warroz\u0105. Jej konstrukcja sk\u0142ada si\u0119 z siatki oraz szuflady. Drobne zanieczyszczenia oraz paso\u017cyty Varroa destructor opadaj\u0105 przez siatk\u0119 na dno ula do szuflady. Natomiast oczka siatki s\u0105 na tyle g\u0119ste, \u017ce pszczo\u0142y nie s\u0105 w stanie si\u0119 przez nie przecisn\u0105\u0107. Dzi\u0119ki temu nie maj\u0105 styczno\u015bci z brudem oraz paso\u017cytami znajduj\u0105cymi si\u0119 w szufladzie. Umo\u017cliwia to dok\u0142adn\u0105 ocen\u0119 pora\u017cenia rodziny pszczelej warroz\u0105 bez konieczno\u015bci ingerencji w gniazdo \u2013 wystarczy wysun\u0105\u0107 szuflad\u0119 i policzy\u0107 paso\u017cyty.<\/p>\n<p>Plastikowa dennica jest bardzo \u0142atwa w utrzymaniu czysto\u015bci. Mo\u017cna j\u0105 my\u0107 myjk\u0105 ci\u015bnieniow\u0105 oraz dezynfekowa\u0107 za pomoc\u0105 sody kaustycznej.<\/p>\n<p>Tworzywo u\u017cyte do produkcji dennicy jest wysokiej jako\u015bci, odporne na zgryzanie, uszkodzenia mechaniczne i warunki atmosferyczne. Dennica plastikowa z powodzeniem mo\u017ce by\u0107 intensywnie u\u017cytkowana, r\u00f3wnie\u017c w pasiekach w\u0119drownych.<\/p>\n<p>Konstrukcja dennicy u\u0142atwia odpowiedni\u0105 wentylacj\u0119 (mo\u017cliwo\u015b\u0107 regulacji dzi\u0119ki zasuwce i wysuwaniu szuflady), przeciwdzia\u0142aj\u0105c wilgoci w ulu. Doskonale sprawdza si\u0119 r\u00f3wnie\u017c podczas zimowli.<\/p>\n<p>Zastosowanie dennicy plastikowej wielkopolskiej sprawdzi si\u0119 w ka\u017cdej pasiece \u2013 u\u0142atwia prac\u0119, zwi\u0119ksza jej efektywno\u015b\u0107, a tym samym umo\u017cliwia oszcz\u0119dno\u015b\u0107 czasu i pieni\u0119dzy.<\/p>\n","protected":false},"excerpt":{"rendered":"<p>Dennica plastikowa wielkopolska s\u0142u\u017cy do kontroli osypu paso\u017cyt\u00f3w Varroa destructor, a tym samym monitoringu pora\u017cenia rodzin pszczelich warroz\u0105. Jej konstrukcja sk\u0142ada si\u0119 z siatki oraz szuflady. Drobne zanieczyszczenia oraz paso\u017cyty Varroa destructor opadaj\u0105 przez siatk\u0119 na dno ula do szuflady. Natomiast oczka siatki s\u0105 na tyle g\u0119ste, \u017ce pszczo\u0142y nie s\u0105 w stanie si\u0119 przez [&hellip;]<\/p>\n","protected":false},"featured_media":33711,"template":"","meta":[],"product_brand":[],"product_cat":[15],"product_tag":[],"class_list":{"0":"post-33710","1":"product","2":"type-product","3":"status-publish","4":"has-post-thumbnail","6":"product_cat-bez-kategorii","8":"first","9":"outofstock","10":"taxable","11":"shipping-taxable","12":"purchasable","13":"product-type-simple"},"_links":{"self":[{"href":"https:\/\/www.beevista.pl\/index.php\/wp-json\/wp\/v2\/product\/33710","targetHints":{"allow":["GET"]}}],"collection":[{"href":"https:\/\/www.beevista.pl\/index.php\/wp-json\/wp\/v2\/product"}],"about":[{"href":"https:\/\/www.beevista.pl\/index.php\/wp-json\/wp\/v2\/types\/product"}],"wp:featuredmedia":[{"embeddable":true,"href":"https:\/\/www.beevista.pl\/index.php\/wp-json\/wp\/v2\/media\/33711"}],"wp:attachment":[{"href":"https:\/\/www.beevista.pl\/index.php\/wp-json\/wp\/v2\/media?parent=33710"}],"wp:term":[{"taxonomy":"product_brand","embeddable":true,"href":"https:\/\/www.beevista.pl\/index.php\/wp-json\/wp\/v2\/product_brand?post=33710"},{"taxonomy":"product_cat","embeddable":true,"href":"https:\/\/www.beevista.pl\/index.php\/wp-json\/wp\/v2\/product_cat?post=33710"},{"taxonomy":"product_tag","embeddable":true,"href":"https:\/\/www.beevista.pl\/index.php\/wp-json\/wp\/v2\/product_tag?post=33710"}],"curies":[{"name":"wp","href":"https:\/\/api.w.org\/{rel}","templated":true}]}}