{"id":33590,"date":"2026-04-14T16:49:35","date_gmt":"2026-04-14T14:49:35","guid":{"rendered":"https:\/\/www.beevista.pl\/?post_type=product&#038;p=33590"},"modified":"2026-04-14T17:04:03","modified_gmt":"2026-04-14T15:04:03","slug":"chwytak-do-przetrzymywania-matki-pszczelej","status":"publish","type":"product","link":"https:\/\/www.beevista.pl\/index.php\/produkt\/chwytak-do-przetrzymywania-matki-pszczelej\/","title":{"rendered":"Chwytak do przetrzymywania matki pszczelej"},"content":{"rendered":"<p data-start=\"0\" data-end=\"46\"><strong data-start=\"0\" data-end=\"46\">Przezroczysty chwytacz do matek pszczelich<\/strong><\/p>\n<p data-start=\"48\" data-end=\"247\">Funkcjonalny i bezpieczny chwytacz do matek pszczelich, zaprojektowany z my\u015bl\u0105 o precyzyjnej pracy w pasiece. Wykonany z lekkiego, trwa\u0142ego tworzywa, zapewnia wygod\u0119 u\u017cytkowania oraz d\u0142ug\u0105 \u017cywotno\u015b\u0107.<\/p>\n<p data-start=\"249\" data-end=\"480\">Przezroczysta konstrukcja umo\u017cliwia pe\u0142n\u0105 kontrol\u0119 podczas chwytania kr\u00f3lowej, co znacz\u0105co ogranicza stres owada i minimalizuje ryzyko uszkodze\u0144. Ergonomiczny kszta\u0142t\u00a0 pozwala na bezpieczn\u0105 obs\u0142ug\u0119 jedn\u0105 r\u0119k\u0105.<\/p>\n<p data-start=\"482\" data-end=\"506\"><strong data-start=\"482\" data-end=\"506\">Najwa\u017cniejsze cechy:<\/strong><\/p>\n<ul data-start=\"507\" data-end=\"732\">\n<li data-section-id=\"yi82o4\" data-start=\"507\" data-end=\"554\">wysoka przejrzysto\u015b\u0107 dla lepszej widoczno\u015bci,<\/li>\n<li data-section-id=\"17xz8dd\" data-start=\"595\" data-end=\"625\">lekka i wygodna konstrukcja,<\/li>\n<li data-section-id=\"1la0ets\" data-start=\"626\" data-end=\"670\">wytrzyma\u0142y, \u0142atwy do czyszczenia materia\u0142,<\/li>\n<li data-section-id=\"nmlhn\" data-start=\"671\" data-end=\"732\">intuicyjna obs\u0142uga \u2014 dla pocz\u0105tkuj\u0105cych i profesjonalist\u00f3w.<\/li>\n<\/ul>\n<p data-start=\"734\" data-end=\"859\"><strong data-start=\"734\" data-end=\"751\">Zastosowanie:<\/strong><br \/>\nIdealny do chwytania, przenoszenia i pracy z matkami pszczelimi podczas przegl\u0105d\u00f3w, podmian czy znakowania.<\/p>\n","protected":false},"excerpt":{"rendered":"<p>Przezroczysty chwytacz do matek pszczelich Funkcjonalny i bezpieczny chwytacz do matek pszczelich, zaprojektowany z my\u015bl\u0105 o precyzyjnej pracy w pasiece. Wykonany z lekkiego, trwa\u0142ego tworzywa, zapewnia wygod\u0119 u\u017cytkowania oraz d\u0142ug\u0105 \u017cywotno\u015b\u0107. Przezroczysta konstrukcja umo\u017cliwia pe\u0142n\u0105 kontrol\u0119 podczas chwytania kr\u00f3lowej, co znacz\u0105co ogranicza stres owada i minimalizuje ryzyko uszkodze\u0144. Ergonomiczny kszta\u0142t\u00a0 pozwala na bezpieczn\u0105 obs\u0142ug\u0119 jedn\u0105 [&hellip;]<\/p>\n","protected":false},"featured_media":33591,"template":"","meta":[],"product_brand":[],"product_cat":[61],"product_tag":[],"class_list":{"0":"post-33590","1":"product","2":"type-product","3":"status-publish","4":"has-post-thumbnail","6":"product_cat-inny","8":"first","9":"instock","10":"taxable","11":"shipping-taxable","12":"purchasable","13":"product-type-simple"},"_links":{"self":[{"href":"https:\/\/www.beevista.pl\/index.php\/wp-json\/wp\/v2\/product\/33590","targetHints":{"allow":["GET"]}}],"collection":[{"href":"https:\/\/www.beevista.pl\/index.php\/wp-json\/wp\/v2\/product"}],"about":[{"href":"https:\/\/www.beevista.pl\/index.php\/wp-json\/wp\/v2\/types\/product"}],"wp:featuredmedia":[{"embeddable":true,"href":"https:\/\/www.beevista.pl\/index.php\/wp-json\/wp\/v2\/media\/33591"}],"wp:attachment":[{"href":"https:\/\/www.beevista.pl\/index.php\/wp-json\/wp\/v2\/media?parent=33590"}],"wp:term":[{"taxonomy":"product_brand","embeddable":true,"href":"https:\/\/www.beevista.pl\/index.php\/wp-json\/wp\/v2\/product_brand?post=33590"},{"taxonomy":"product_cat","embeddable":true,"href":"https:\/\/www.beevista.pl\/index.php\/wp-json\/wp\/v2\/product_cat?post=33590"},{"taxonomy":"product_tag","embeddable":true,"href":"https:\/\/www.beevista.pl\/index.php\/wp-json\/wp\/v2\/product_tag?post=33590"}],"curies":[{"name":"wp","href":"https:\/\/api.w.org\/{rel}","templated":true}]}}