{"id":33229,"date":"2026-02-27T16:13:44","date_gmt":"2026-02-27T15:13:44","guid":{"rendered":"https:\/\/www.beevista.pl\/?post_type=product&#038;p=33229"},"modified":"2026-03-11T10:20:55","modified_gmt":"2026-03-11T09:20:55","slug":"odstepniki-plastikowe-100-szt","status":"publish","type":"product","link":"https:\/\/www.beevista.pl\/index.php\/produkt\/odstepniki-plastikowe-100-szt\/","title":{"rendered":"Odst\u0119pniki plastikowe 100 szt."},"content":{"rendered":"<blockquote><p>Plastikowe odst\u0119pniki do nabijania na ramki pozwalaj\u0105ce uzyska\u0107 odpowiednie odleg\u0142o\u015bci pomi\u0119dzy ramkami.<\/p>\n<p>Wysokiej jako\u015bci tworzywo sztuczne odporne na warunki atmosferyczne.<\/p>\n<p>\u015arednica podstawy: 9mm<br \/>\n\u015arednica szczytu: 7mm<br \/>\nWysoko\u015b\u0107: 11mm<\/p><\/blockquote>\n","protected":false},"excerpt":{"rendered":"<p>Plastikowe odst\u0119pniki do nabijania na ramki pozwalaj\u0105ce uzyska\u0107 odpowiednie odleg\u0142o\u015bci pomi\u0119dzy ramkami. Wysokiej jako\u015bci tworzywo sztuczne odporne na warunki atmosferyczne. \u015arednica podstawy: 9mm \u015arednica szczytu: 7mm Wysoko\u015b\u0107: 11mm<\/p>\n","protected":false},"featured_media":33230,"template":"","meta":[],"product_brand":[],"product_cat":[55],"product_tag":[],"class_list":{"0":"post-33229","1":"product","2":"type-product","3":"status-publish","4":"has-post-thumbnail","6":"product_cat-ramki","8":"first","9":"outofstock","10":"taxable","11":"shipping-taxable","12":"purchasable","13":"product-type-simple"},"_links":{"self":[{"href":"https:\/\/www.beevista.pl\/index.php\/wp-json\/wp\/v2\/product\/33229","targetHints":{"allow":["GET"]}}],"collection":[{"href":"https:\/\/www.beevista.pl\/index.php\/wp-json\/wp\/v2\/product"}],"about":[{"href":"https:\/\/www.beevista.pl\/index.php\/wp-json\/wp\/v2\/types\/product"}],"wp:featuredmedia":[{"embeddable":true,"href":"https:\/\/www.beevista.pl\/index.php\/wp-json\/wp\/v2\/media\/33230"}],"wp:attachment":[{"href":"https:\/\/www.beevista.pl\/index.php\/wp-json\/wp\/v2\/media?parent=33229"}],"wp:term":[{"taxonomy":"product_brand","embeddable":true,"href":"https:\/\/www.beevista.pl\/index.php\/wp-json\/wp\/v2\/product_brand?post=33229"},{"taxonomy":"product_cat","embeddable":true,"href":"https:\/\/www.beevista.pl\/index.php\/wp-json\/wp\/v2\/product_cat?post=33229"},{"taxonomy":"product_tag","embeddable":true,"href":"https:\/\/www.beevista.pl\/index.php\/wp-json\/wp\/v2\/product_tag?post=33229"}],"curies":[{"name":"wp","href":"https:\/\/api.w.org\/{rel}","templated":true}]}}