{"id":289,"date":"2024-12-23T18:35:51","date_gmt":"2024-12-23T17:35:51","guid":{"rendered":"https:\/\/www.beevista.pl\/?post_type=product&#038;p=289"},"modified":"2025-12-10T09:30:16","modified_gmt":"2025-12-10T08:30:16","slug":"polskie-miody-odmianowe","status":"publish","type":"product","link":"https:\/\/www.beevista.pl\/index.php\/produkt\/polskie-miody-odmianowe\/","title":{"rendered":"Polskie miody odmianowe"},"content":{"rendered":"<p>Autor w niniejszej publikacji ks. Eugeniusz Marciniak prezentuje popularne odmiany miod\u00f3w pozyskiwanych w Polsce oraz ich w\u0142a\u015bciwo\u015bci i zdrowotne oddzia\u0142ywanie na nasz organizm.<\/p>\n<p>Autor: Eugeniusz Marciniak<br \/>\nWydawnictwo: Fundacja Pomocy Cz\u0142owiekowi i \u015arodowisku \u201cHumana Divinis\u201d<br \/>\nRok wydania: 2021<br \/>\nLiczba stron : 236<br \/>\nOprawa: mi\u0119kka<br \/>\nWymiary: 16,5 x 23,5 mm<br \/>\nZdj\u0119cie ksi\u0105\u017cki pogl\u0105dowe<br \/>\nISBN: 978-83-60152-39-X<\/p>\n","protected":false},"excerpt":{"rendered":"<p>Autor w niniejszej publikacji ks. Eugeniusz Marciniak prezentuje popularne odmiany miod\u00f3w pozyskiwanych w Polsce oraz ich w\u0142a\u015bciwo\u015bci i zdrowotne oddzia\u0142ywanie na nasz organizm. Autor: Eugeniusz Marciniak Wydawnictwo: Fundacja Pomocy Cz\u0142owiekowi i \u015arodowisku \u201cHumana Divinis\u201d Rok wydania: 2021 Liczba stron : 236 Oprawa: mi\u0119kka Wymiary: 16,5 x 23,5 mm Zdj\u0119cie ksi\u0105\u017cki pogl\u0105dowe ISBN: 978-83-60152-39-X<\/p>\n","protected":false},"featured_media":290,"template":"","meta":[],"product_brand":[],"product_cat":[18],"product_tag":[],"class_list":{"0":"post-289","1":"product","2":"type-product","3":"status-publish","4":"has-post-thumbnail","6":"product_cat-literatura","8":"first","9":"outofstock","10":"taxable","11":"shipping-taxable","12":"purchasable","13":"product-type-simple"},"_links":{"self":[{"href":"https:\/\/www.beevista.pl\/index.php\/wp-json\/wp\/v2\/product\/289","targetHints":{"allow":["GET"]}}],"collection":[{"href":"https:\/\/www.beevista.pl\/index.php\/wp-json\/wp\/v2\/product"}],"about":[{"href":"https:\/\/www.beevista.pl\/index.php\/wp-json\/wp\/v2\/types\/product"}],"wp:featuredmedia":[{"embeddable":true,"href":"https:\/\/www.beevista.pl\/index.php\/wp-json\/wp\/v2\/media\/290"}],"wp:attachment":[{"href":"https:\/\/www.beevista.pl\/index.php\/wp-json\/wp\/v2\/media?parent=289"}],"wp:term":[{"taxonomy":"product_brand","embeddable":true,"href":"https:\/\/www.beevista.pl\/index.php\/wp-json\/wp\/v2\/product_brand?post=289"},{"taxonomy":"product_cat","embeddable":true,"href":"https:\/\/www.beevista.pl\/index.php\/wp-json\/wp\/v2\/product_cat?post=289"},{"taxonomy":"product_tag","embeddable":true,"href":"https:\/\/www.beevista.pl\/index.php\/wp-json\/wp\/v2\/product_tag?post=289"}],"curies":[{"name":"wp","href":"https:\/\/api.w.org\/{rel}","templated":true}]}}