{"id":2714,"date":"2025-11-25T13:29:09","date_gmt":"2025-11-25T12:29:09","guid":{"rendered":"https:\/\/www.beevista.pl\/?post_type=product&#038;p=2714"},"modified":"2026-01-15T18:47:45","modified_gmt":"2026-01-15T17:47:45","slug":"propolis-plus-mikstura-20-ml","status":"publish","type":"product","link":"https:\/\/www.beevista.pl\/index.php\/produkt\/propolis-plus-mikstura-20-ml\/","title":{"rendered":"Propolis Plus Mikstura \u2013 20 ml"},"content":{"rendered":"<h3 data-start=\"0\" data-end=\"34\">Propolis Plus Mikstura \u2013 20 ml<\/h3>\n<p data-start=\"36\" data-end=\"381\">Propolis Plus Mikstura to suplement diety, kt\u00f3ry \u0142\u0105czy w sobie dobroczynne dzia\u0142anie propolisu z wyci\u0105gami z zi\u00f3\u0142 takich jak babka lancetowata, rumianek, karczoch oraz mi\u0119ta pieprzowa. Produkt jest przeznaczony dla os\u00f3b, kt\u00f3re chc\u0105 wspiera\u0107 prawid\u0142owe funkcjonowanie uk\u0142adu pokarmowego, proces\u00f3w trawienia oraz kondycj\u0119 \u017co\u0142\u0105dka, jelit i w\u0105troby.<\/p>\n<h4 data-start=\"383\" data-end=\"405\">\u2728 Spos\u00f3b u\u017cycia<\/h4>\n<p data-start=\"406\" data-end=\"613\">25 kropli (1 ml) rozpu\u015b\u0107 w oko\u0142o \u00bc szklanki wody. Roztw\u00f3r mo\u017cna pos\u0142odzi\u0107 miodem lub cukrem. Zwykle przyjmuje si\u0119 3 ml dziennie, podzielone na dawki (np. 3 razy dziennie) \u2014 dostosuj w zale\u017cno\u015bci od potrzeby.<\/p>\n<h4 data-start=\"615\" data-end=\"640\">\ud83c\udf3f Dlaczego warto?<\/h4>\n<ul data-start=\"641\" data-end=\"978\">\n<li data-start=\"641\" data-end=\"813\">\n<p data-start=\"643\" data-end=\"813\">Zawiera standaryzowany ekstrakt propolisowy (EEP) oraz starannie dobierane zio\u0142a: babka lancetowata, rumianek, karczoch i mi\u0119ta pieprzowa \u2014 wspieraj\u0105ce uk\u0142ad pokarmowy.<\/p>\n<\/li>\n<li data-start=\"814\" data-end=\"901\">\n<p data-start=\"816\" data-end=\"901\">Forma kropli pozwala na \u0142atwe dozowanie i szybsze wch\u0142anianie sk\u0142adnik\u00f3w aktywnych.<\/p>\n<\/li>\n<li data-start=\"902\" data-end=\"978\">\n<p data-start=\"904\" data-end=\"978\">Idealna pomoc w przypadku os\u0142abionej czynno\u015bci w\u0105troby, \u017co\u0142\u0105dka czy jelit.<\/p>\n<\/li>\n<\/ul>\n<h4 data-start=\"980\" data-end=\"1010\">\u2139\ufe0f Dodatkowe informacje<\/h4>\n<p data-start=\"1011\" data-end=\"1337\">Nie stosowa\u0107 u os\u00f3b uczulonych na kt\u00f3rykolwiek sk\u0142adnik preparatu.<br data-start=\"1077\" data-end=\"1080\" \/>Przechowywa\u0107 w miejscu niedost\u0119pnym dla ma\u0142ych dzieci, w temperaturze poni\u017cej 25\u00b0C, chroni\u0107 przed \u015bwiat\u0142em.<br data-start=\"1187\" data-end=\"1190\" \/>Suplement diety nie mo\u017ce by\u0107 stosowany jako substytut (zamiennik) zr\u00f3\u017cnicowanej diety. Wa\u017cny jest zr\u00f3wnowa\u017cony spos\u00f3b \u017cywienia i zdrowy tryb \u017cycia.<\/p>\n<h4 data-start=\"1339\" data-end=\"1354\">\ud83e\uddf4 Sk\u0142ad<\/h4>\n<p data-start=\"1355\" data-end=\"1495\">Standaryzowany ekstrakt propolisowy (EEP), li\u015b\u0107 babki lancetowatej, koszyczek rumianku, li\u015b\u0107 karczocha, li\u015b\u0107 mi\u0119ty pieprzowej, etanol, woda.<\/p>\n<h4 data-start=\"1497\" data-end=\"1521\">\ud83d\udce6 Pojemno\u015b\u0107: 20 ml<\/h4>\n","protected":false},"excerpt":{"rendered":"<p>Propolis Plus Mikstura \u2013 20 ml Propolis Plus Mikstura to suplement diety, kt\u00f3ry \u0142\u0105czy w sobie dobroczynne dzia\u0142anie propolisu z wyci\u0105gami z zi\u00f3\u0142 takich jak babka lancetowata, rumianek, karczoch oraz mi\u0119ta pieprzowa. Produkt jest przeznaczony dla os\u00f3b, kt\u00f3re chc\u0105 wspiera\u0107 prawid\u0142owe funkcjonowanie uk\u0142adu pokarmowego, proces\u00f3w trawienia oraz kondycj\u0119 \u017co\u0142\u0105dka, jelit i w\u0105troby. \u2728 Spos\u00f3b u\u017cycia [&hellip;]<\/p>\n","protected":false},"featured_media":2716,"template":"","meta":[],"product_brand":[70],"product_cat":[69],"product_tag":[],"class_list":{"0":"post-2714","1":"product","2":"type-product","3":"status-publish","4":"has-post-thumbnail","6":"product_brand-apipolfarma","7":"product_cat-apipolfarma","9":"first","10":"outofstock","11":"taxable","12":"shipping-taxable","13":"purchasable","14":"product-type-simple"},"_links":{"self":[{"href":"https:\/\/www.beevista.pl\/index.php\/wp-json\/wp\/v2\/product\/2714","targetHints":{"allow":["GET"]}}],"collection":[{"href":"https:\/\/www.beevista.pl\/index.php\/wp-json\/wp\/v2\/product"}],"about":[{"href":"https:\/\/www.beevista.pl\/index.php\/wp-json\/wp\/v2\/types\/product"}],"wp:featuredmedia":[{"embeddable":true,"href":"https:\/\/www.beevista.pl\/index.php\/wp-json\/wp\/v2\/media\/2716"}],"wp:attachment":[{"href":"https:\/\/www.beevista.pl\/index.php\/wp-json\/wp\/v2\/media?parent=2714"}],"wp:term":[{"taxonomy":"product_brand","embeddable":true,"href":"https:\/\/www.beevista.pl\/index.php\/wp-json\/wp\/v2\/product_brand?post=2714"},{"taxonomy":"product_cat","embeddable":true,"href":"https:\/\/www.beevista.pl\/index.php\/wp-json\/wp\/v2\/product_cat?post=2714"},{"taxonomy":"product_tag","embeddable":true,"href":"https:\/\/www.beevista.pl\/index.php\/wp-json\/wp\/v2\/product_tag?post=2714"}],"curies":[{"name":"wp","href":"https:\/\/api.w.org\/{rel}","templated":true}]}}