{"id":2707,"date":"2025-11-25T13:00:04","date_gmt":"2025-11-25T12:00:04","guid":{"rendered":"https:\/\/www.beevista.pl\/?post_type=product&#038;p=2707"},"modified":"2026-03-26T10:37:54","modified_gmt":"2026-03-26T09:37:54","slug":"propolis-plus-100-tabletek","status":"publish","type":"product","link":"https:\/\/www.beevista.pl\/index.php\/produkt\/propolis-plus-100-tabletek\/","title":{"rendered":"Propolis\u202fPlus\u202f\u2013 100 tabletek"},"content":{"rendered":"<h3 data-start=\"0\" data-end=\"32\">Propolis Plus \u2013 100 tabletek<\/h3>\n<p data-start=\"34\" data-end=\"434\">Propolis Plus to suplement diety stworzony z my\u015bl\u0105 o wspieraniu naturalnej odporno\u015bci organizmu. \u0141\u0105czy w sobie wyci\u0105g z propolisu, py\u0142ek pszczeli oraz dodatek cynku i witaminy C \u2014 sk\u0142adnik\u00f3w, kt\u00f3re pomagaj\u0105 w prawid\u0142owym funkcjonowaniu uk\u0142adu odporno\u015bciowego oraz ochronie kom\u00f3rek przed stresem oksydacyjnym. Regularna suplementacja wspiera organizm zw\u0142aszcza w okresach zwi\u0119kszonego zapotrzebowania.<\/p>\n<h4 data-start=\"436\" data-end=\"458\">\u2728 Spos\u00f3b u\u017cycia<\/h4>\n<p data-start=\"459\" data-end=\"550\">Zalecana dzienna porcja to 4 tabletki, przyjmowane przed posi\u0142kiem i popijane obficie wod\u0105.<\/p>\n<h4 data-start=\"552\" data-end=\"577\">\ud83c\udf3f Dlaczego warto?<\/h4>\n<ul data-start=\"578\" data-end=\"790\">\n<li data-start=\"578\" data-end=\"645\">\n<p data-start=\"580\" data-end=\"645\">Zawiera py\u0142ek pszczeli oraz standaryzowany ekstrakt propolisowy<\/p>\n<\/li>\n<li data-start=\"646\" data-end=\"719\">\n<p data-start=\"648\" data-end=\"719\">Cynk i witamina C wspieraj\u0105 odporno\u015b\u0107 i pomagaj\u0105 zmniejszy\u0107 zm\u0119czenie<\/p>\n<\/li>\n<li data-start=\"720\" data-end=\"749\">\n<p data-start=\"722\" data-end=\"749\">Produkt bez dodatku cukru<\/p>\n<\/li>\n<li data-start=\"750\" data-end=\"790\">\n<p data-start=\"752\" data-end=\"790\">Odpowiedni dla doros\u0142ych i m\u0142odzie\u017cy<\/p>\n<\/li>\n<\/ul>\n<h4 data-start=\"792\" data-end=\"822\">\u2139\ufe0f Dodatkowe informacje<\/h4>\n<p data-start=\"823\" data-end=\"1115\">Nie stosowa\u0107 w przypadku uczulenia na produkty pszczele.<br data-start=\"879\" data-end=\"882\" \/>Suplement diety nie mo\u017ce by\u0107 stosowany jako substytut (zamiennik) zr\u00f3\u017cnicowanej diety. Wa\u017cny jest zr\u00f3wnowa\u017cony spos\u00f3b \u017cywienia i zdrowy tryb \u017cycia.<br data-start=\"1029\" data-end=\"1032\" \/>Przechowywa\u0107 w suchym miejscu, w temperaturze poni\u017cej 25\u00b0C i poza zasi\u0119giem dzieci.<\/p>\n<h4 data-start=\"1117\" data-end=\"1132\">\ud83e\uddf4 Sk\u0142ad<\/h4>\n<p data-start=\"1133\" data-end=\"1382\">Mannitol (substancja wype\u0142niaj\u0105ca), py\u0142ek pszczeli, standaryzowany ekstrakt propolisowy (EEP), witamina C (kwas L-askorbinowy), cytrynian cynku, substancje przeciwzbrylaj\u0105ce: dwutlenek krzemu, sole magnezowe kwas\u00f3w t\u0142uszczowych (stearynian magnezu).<\/p>\n<h4 data-start=\"1384\" data-end=\"1415\" data-is-last-node=\"\" data-is-only-node=\"\">\ud83d\udce6 Pojemno\u015b\u0107: 100 tabletek<\/h4>\n","protected":false},"excerpt":{"rendered":"<p>Propolis Plus \u2013 100 tabletek Propolis Plus to suplement diety stworzony z my\u015bl\u0105 o wspieraniu naturalnej odporno\u015bci organizmu. \u0141\u0105czy w sobie wyci\u0105g z propolisu, py\u0142ek pszczeli oraz dodatek cynku i witaminy C \u2014 sk\u0142adnik\u00f3w, kt\u00f3re pomagaj\u0105 w prawid\u0142owym funkcjonowaniu uk\u0142adu odporno\u015bciowego oraz ochronie kom\u00f3rek przed stresem oksydacyjnym. Regularna suplementacja wspiera organizm zw\u0142aszcza w okresach zwi\u0119kszonego [&hellip;]<\/p>\n","protected":false},"featured_media":2708,"template":"","meta":[],"product_brand":[70],"product_cat":[69],"product_tag":[],"class_list":{"0":"post-2707","1":"product","2":"type-product","3":"status-publish","4":"has-post-thumbnail","6":"product_brand-apipolfarma","7":"product_cat-apipolfarma","9":"first","10":"outofstock","11":"taxable","12":"shipping-taxable","13":"purchasable","14":"product-type-simple"},"_links":{"self":[{"href":"https:\/\/www.beevista.pl\/index.php\/wp-json\/wp\/v2\/product\/2707","targetHints":{"allow":["GET"]}}],"collection":[{"href":"https:\/\/www.beevista.pl\/index.php\/wp-json\/wp\/v2\/product"}],"about":[{"href":"https:\/\/www.beevista.pl\/index.php\/wp-json\/wp\/v2\/types\/product"}],"wp:featuredmedia":[{"embeddable":true,"href":"https:\/\/www.beevista.pl\/index.php\/wp-json\/wp\/v2\/media\/2708"}],"wp:attachment":[{"href":"https:\/\/www.beevista.pl\/index.php\/wp-json\/wp\/v2\/media?parent=2707"}],"wp:term":[{"taxonomy":"product_brand","embeddable":true,"href":"https:\/\/www.beevista.pl\/index.php\/wp-json\/wp\/v2\/product_brand?post=2707"},{"taxonomy":"product_cat","embeddable":true,"href":"https:\/\/www.beevista.pl\/index.php\/wp-json\/wp\/v2\/product_cat?post=2707"},{"taxonomy":"product_tag","embeddable":true,"href":"https:\/\/www.beevista.pl\/index.php\/wp-json\/wp\/v2\/product_tag?post=2707"}],"curies":[{"name":"wp","href":"https:\/\/api.w.org\/{rel}","templated":true}]}}