{"id":2702,"date":"2025-11-25T12:53:45","date_gmt":"2025-11-25T11:53:45","guid":{"rendered":"https:\/\/www.beevista.pl\/?post_type=product&#038;p=2702"},"modified":"2026-01-15T18:47:45","modified_gmt":"2026-01-15T17:47:45","slug":"propolis-plus-syrop-120-ml","status":"publish","type":"product","link":"https:\/\/www.beevista.pl\/index.php\/produkt\/propolis-plus-syrop-120-ml\/","title":{"rendered":"Propolis Plus Syrop 120 ml"},"content":{"rendered":"<h3 data-start=\"0\" data-end=\"41\"><span class=\"entity-underline hover:entity-accent inline cursor-pointer align-baseline\"><span class=\"whitespace-normal\">Propolis Plus Syrop<\/span><\/span><\/h3>\n<p data-start=\"43\" data-end=\"342\">Ma pyszny, owocowy smak, a jednocze\u015bnie unikalnie skomponowany sk\u0142ad \u2014 zawiera mi\u00f3d, ekstrakt z owoc\u00f3w czarnego bzu, sok z malin, soku z czarnej porzeczki i banana, standaryzowany wyci\u0105g propolisu oraz cynk i witaminy z grupy B i C \ud83d\udc1d\ud83c\udf47. Preparat jest rekomendowany dla dzieci powy\u017cej 3. roku \u017cycia.<\/p>\n<h4 data-start=\"344\" data-end=\"366\">\u2728 Spos\u00f3b u\u017cycia<\/h4>\n<p data-start=\"367\" data-end=\"455\">Podawa\u0107 1 \u0142y\u017ceczk\u0119 (5 ml) raz dziennie. Przed u\u017cyciem nale\u017cy <strong data-start=\"428\" data-end=\"454\">energicznie wstrz\u0105sn\u0105\u0107<\/strong>.<\/p>\n<h4 data-start=\"457\" data-end=\"482\">\ud83c\udf3f Dlaczego warto?<\/h4>\n<ul data-start=\"483\" data-end=\"878\">\n<li data-start=\"483\" data-end=\"581\">\n<p data-start=\"485\" data-end=\"581\">Naturalne sk\u0142adniki \u2014 mi\u00f3d, sok i owoce czarnego bzu pomagaj\u0105 w codziennym wsparciu odporno\u015bci<\/p>\n<\/li>\n<li data-start=\"582\" data-end=\"655\">\n<p data-start=\"584\" data-end=\"655\">Dodatek propolisu wspiera organizm w okresach zwi\u0119kszonego obci\u0105\u017cenia<\/p>\n<\/li>\n<li data-start=\"656\" data-end=\"792\">\n<p data-start=\"658\" data-end=\"792\">Wzbogacony cynkiem oraz witaminami z grupy B i C \u2014 pomagaj\u0105 w prawid\u0142owym funkcjonowaniu uk\u0142adu odporno\u015bciowego i redukcji zm\u0119czenia<\/p>\n<\/li>\n<li data-start=\"793\" data-end=\"878\">\n<p data-start=\"795\" data-end=\"878\">Przyjazna forma syropu \u2014 \u0142atwa do podania dzieciom i sprawdzona dla ca\u0142ej rodziny<\/p>\n<\/li>\n<\/ul>\n<h4 data-start=\"880\" data-end=\"910\">\u2139\ufe0f Dodatkowe informacje<\/h4>\n<p data-start=\"911\" data-end=\"1204\">Nie stosowa\u0107 u os\u00f3b uczulonych na produkty pochodzenia pszczelego.<br data-start=\"977\" data-end=\"980\" \/>Przechowywa\u0107 w suchym miejscu, w temperaturze poni\u017cej 25 \u00b0C i poza zasi\u0119giem dzieci.<br data-start=\"1064\" data-end=\"1067\" \/>Suplement diety nie mo\u017ce by\u0107 stosowany jako substytut zr\u00f3\u017cnicowanej diety. Wa\u017cny jest zr\u00f3wnowa\u017cony spos\u00f3b \u017cywienia i zdrowy tryb \u017cycia.<\/p>\n<h4 data-start=\"1206\" data-end=\"1221\">\ud83e\uddf4 Sk\u0142ad<\/h4>\n<p data-start=\"1222\" data-end=\"1822\">Mi\u00f3d; woda oczyszczona; ekstrakt z owoc\u00f3w czarnego bzu; witamina C (kwas L-askorbinowy); niacyna (amid kwasu nikotynowego); witamina E (octan DL-alfa-tokoferylu); kwas pantotenowy (D-pantotenian wapnia); witamina B2 (ryboflawina); witamina B6 (chlorowodorek pirydoksyny); tiamina (monoazotan tiaminy); kwas foliowy (kwas pteroilomonoglutaminowy); biotyna (D-biotyna); witamina B12 (cyjanokobalamina); koncentrat soku malinowego; koncentrat soku bananowego; koncentrat soku czarnej porzeczki; glukonian cynku; ekstrakt z propolisu (0,6% polifenoli); aromat; substancja konserwuj\u0105ca \u2013 benzoesan sodu.<\/p>\n<h4 data-start=\"1824\" data-end=\"1851\">\ud83d\udce6 Pojemno\u015b\u0107: 120 ml<\/h4>\n","protected":false},"excerpt":{"rendered":"<p>Propolis Plus Syrop Ma pyszny, owocowy smak, a jednocze\u015bnie unikalnie skomponowany sk\u0142ad \u2014 zawiera mi\u00f3d, ekstrakt z owoc\u00f3w czarnego bzu, sok z malin, soku z czarnej porzeczki i banana, standaryzowany wyci\u0105g propolisu oraz cynk i witaminy z grupy B i C \ud83d\udc1d\ud83c\udf47. Preparat jest rekomendowany dla dzieci powy\u017cej 3. roku \u017cycia. \u2728 Spos\u00f3b u\u017cycia Podawa\u0107 [&hellip;]<\/p>\n","protected":false},"featured_media":2704,"template":"","meta":[],"product_brand":[70],"product_cat":[69],"product_tag":[],"class_list":{"0":"post-2702","1":"product","2":"type-product","3":"status-publish","4":"has-post-thumbnail","6":"product_brand-apipolfarma","7":"product_cat-apipolfarma","9":"first","10":"outofstock","11":"taxable","12":"shipping-taxable","13":"purchasable","14":"product-type-simple"},"_links":{"self":[{"href":"https:\/\/www.beevista.pl\/index.php\/wp-json\/wp\/v2\/product\/2702","targetHints":{"allow":["GET"]}}],"collection":[{"href":"https:\/\/www.beevista.pl\/index.php\/wp-json\/wp\/v2\/product"}],"about":[{"href":"https:\/\/www.beevista.pl\/index.php\/wp-json\/wp\/v2\/types\/product"}],"wp:featuredmedia":[{"embeddable":true,"href":"https:\/\/www.beevista.pl\/index.php\/wp-json\/wp\/v2\/media\/2704"}],"wp:attachment":[{"href":"https:\/\/www.beevista.pl\/index.php\/wp-json\/wp\/v2\/media?parent=2702"}],"wp:term":[{"taxonomy":"product_brand","embeddable":true,"href":"https:\/\/www.beevista.pl\/index.php\/wp-json\/wp\/v2\/product_brand?post=2702"},{"taxonomy":"product_cat","embeddable":true,"href":"https:\/\/www.beevista.pl\/index.php\/wp-json\/wp\/v2\/product_cat?post=2702"},{"taxonomy":"product_tag","embeddable":true,"href":"https:\/\/www.beevista.pl\/index.php\/wp-json\/wp\/v2\/product_tag?post=2702"}],"curies":[{"name":"wp","href":"https:\/\/api.w.org\/{rel}","templated":true}]}}