{"id":2698,"date":"2025-11-25T12:48:52","date_gmt":"2025-11-25T11:48:52","guid":{"rendered":"https:\/\/www.beevista.pl\/?post_type=product&#038;p=2698"},"modified":"2025-12-10T09:46:16","modified_gmt":"2025-12-10T08:46:16","slug":"propolis-forte-30-tabletek-pomaranczowych","status":"publish","type":"product","link":"https:\/\/www.beevista.pl\/index.php\/produkt\/propolis-forte-30-tabletek-pomaranczowych\/","title":{"rendered":"Propolis Forte &#8211; 30 tabletek pomara\u0144czowych"},"content":{"rendered":"<h3 data-start=\"0\" data-end=\"54\">Propolis Forte o smaku pomara\u0144czowym \u2013 30 tabletek<\/h3>\n<p data-start=\"56\" data-end=\"395\">Suplement diety w formie tabletek do ssania o smaku pomara\u0144czowym, zawieraj\u0105cy standaryzowany ekstrakt z propolisu oraz kompleks witamin z grupy B, przeznaczony dla dzieci powy\u017cej 3. roku \u017cycia i doros\u0142ych. Produkt polecany w przypadku drapania, sucho\u015bci lub \u0142askotania w gardle, uczucia dyskomfortu w gardle oraz trudno\u015bci z prze\u0142ykaniem.<\/p>\n<h4 data-start=\"397\" data-end=\"419\">\u2728 Spos\u00f3b u\u017cycia<\/h4>\n<p data-start=\"420\" data-end=\"487\">Ssa\u0107 powoli 1 tabletk\u0119 co 3\u20135 godzin, zwykle 3\u20135 tabletek dziennie.<\/p>\n<h4 data-start=\"489\" data-end=\"514\">\ud83c\udf3f Dlaczego warto?<\/h4>\n<ul data-start=\"515\" data-end=\"862\">\n<li data-start=\"515\" data-end=\"672\">\n<p data-start=\"517\" data-end=\"672\">Zawiera standaryzowany ekstrakt propolisowy (EEP) oraz witaminy z grupy B, kt\u00f3re wspieraj\u0105 prawid\u0142owy stan b\u0142on \u015bluzowych i pomagaj\u0105 zmniejszy\u0107 zm\u0119czenie<\/p>\n<\/li>\n<li data-start=\"673\" data-end=\"722\">\n<p data-start=\"675\" data-end=\"722\">Smak pomara\u0144czowy zwi\u0119ksza komfort stosowania<\/p>\n<\/li>\n<li data-start=\"723\" data-end=\"770\">\n<p data-start=\"725\" data-end=\"770\">Bez cukru \u2014 nadaje si\u0119 tak\u017ce dla diabetyk\u00f3w<\/p>\n<\/li>\n<li data-start=\"771\" data-end=\"862\">\n<p data-start=\"773\" data-end=\"862\">Wygodna forma \u2014 tabletki do ssania, odpowiednie dla dzieci od 3. roku \u017cycia i doros\u0142ych<\/p>\n<\/li>\n<\/ul>\n<h4 data-start=\"864\" data-end=\"894\">\u2139\ufe0f Dodatkowe informacje<\/h4>\n<p data-start=\"895\" data-end=\"1194\">Nie stosowa\u0107 u os\u00f3b uczulonych na produkty pszczele.<br data-start=\"947\" data-end=\"950\" \/>Przechowywa\u0107 w suchym miejscu, w temperaturze poni\u017cej 25 \u00b0C i w spos\u00f3b niedost\u0119pny dla dzieci.<br data-start=\"1044\" data-end=\"1047\" \/>Suplement diety nie mo\u017ce by\u0107 stosowany jako substytut (zamiennik) zr\u00f3\u017cnicowanej diety. Wa\u017cny jest zr\u00f3wnowa\u017cony spos\u00f3b \u017cywienia i zdrowy tryb \u017cycia.<\/p>\n<h4 data-start=\"1196\" data-end=\"1211\">\ud83e\uddf4 Sk\u0142ad<\/h4>\n<p data-start=\"1212\" data-end=\"1654\">Mannitol (substancja wype\u0142niaj\u0105ca); standaryzowany ekstrakt propolisowy (EEP); kwas cytrynowy (regulator kwasowo\u015bci); dwutlenek krzemu i sole magnezowe kwas\u00f3w t\u0142uszczowych (substancje przeciwzbrylaj\u0105ce); niacyna (amid kwasu nikotynowego); kwas pantotenowy (D-pantotenian wapnia); ryboflawina (witamina B2); tiamina (monoazotan tiaminy); biotyna (D-biotyna); aromaty: pomara\u0144czowy, cytrynowy; mentol naturalny; substancja s\u0142odz\u0105ca \u2013 sukraloza.<\/p>\n<h4 data-start=\"1656\" data-end=\"1686\">\ud83d\udce6 Pojemno\u015b\u0107: 30 tabletek<\/h4>\n","protected":false},"excerpt":{"rendered":"<p>Propolis Forte o smaku pomara\u0144czowym \u2013 30 tabletek Suplement diety w formie tabletek do ssania o smaku pomara\u0144czowym, zawieraj\u0105cy standaryzowany ekstrakt z propolisu oraz kompleks witamin z grupy B, przeznaczony dla dzieci powy\u017cej 3. roku \u017cycia i doros\u0142ych. Produkt polecany w przypadku drapania, sucho\u015bci lub \u0142askotania w gardle, uczucia dyskomfortu w gardle oraz trudno\u015bci z [&hellip;]<\/p>\n","protected":false},"featured_media":2699,"template":"","meta":[],"product_brand":[70],"product_cat":[69],"product_tag":[],"class_list":{"0":"post-2698","1":"product","2":"type-product","3":"status-publish","4":"has-post-thumbnail","6":"product_brand-apipolfarma","7":"product_cat-apipolfarma","9":"first","10":"outofstock","11":"taxable","12":"shipping-taxable","13":"purchasable","14":"product-type-simple"},"_links":{"self":[{"href":"https:\/\/www.beevista.pl\/index.php\/wp-json\/wp\/v2\/product\/2698","targetHints":{"allow":["GET"]}}],"collection":[{"href":"https:\/\/www.beevista.pl\/index.php\/wp-json\/wp\/v2\/product"}],"about":[{"href":"https:\/\/www.beevista.pl\/index.php\/wp-json\/wp\/v2\/types\/product"}],"wp:featuredmedia":[{"embeddable":true,"href":"https:\/\/www.beevista.pl\/index.php\/wp-json\/wp\/v2\/media\/2699"}],"wp:attachment":[{"href":"https:\/\/www.beevista.pl\/index.php\/wp-json\/wp\/v2\/media?parent=2698"}],"wp:term":[{"taxonomy":"product_brand","embeddable":true,"href":"https:\/\/www.beevista.pl\/index.php\/wp-json\/wp\/v2\/product_brand?post=2698"},{"taxonomy":"product_cat","embeddable":true,"href":"https:\/\/www.beevista.pl\/index.php\/wp-json\/wp\/v2\/product_cat?post=2698"},{"taxonomy":"product_tag","embeddable":true,"href":"https:\/\/www.beevista.pl\/index.php\/wp-json\/wp\/v2\/product_tag?post=2698"}],"curies":[{"name":"wp","href":"https:\/\/api.w.org\/{rel}","templated":true}]}}