{"id":2506,"date":"2025-11-06T09:12:28","date_gmt":"2025-11-06T08:12:28","guid":{"rendered":"https:\/\/www.beevista.pl\/?post_type=product&#038;p=2506"},"modified":"2026-01-28T21:01:37","modified_gmt":"2026-01-28T20:01:37","slug":"putorius-zel-z-syntetycznym-jadem-weza-500-ml","status":"publish","type":"product","link":"https:\/\/www.beevista.pl\/index.php\/produkt\/putorius-zel-z-syntetycznym-jadem-weza-500-ml\/","title":{"rendered":"Putorius \u017bel z syntetycznym jadem w\u0119\u017ca 500 ml"},"content":{"rendered":"<p data-start=\"0\" data-end=\"57\"><strong data-start=\"0\" data-end=\"57\">Putorius \u017bel z syntetycznym jadem w\u0119\u017ca 500 ml \ud83d\udc0d\ud83d\udc86\u200d\u2642\ufe0f<\/strong><\/p>\n<p data-start=\"59\" data-end=\"329\">Intensywnie dzia\u0142aj\u0105cy \u017cel masuj\u0105cy z innowacyjnym sk\u0142adnikiem <strong data-start=\"122\" data-end=\"133\">SYN-AKE<\/strong> \u2013 syntetycznym odpowiednikiem jadu \u017cmii Waglera. To idealny wyb\u00f3r dla os\u00f3b zmagaj\u0105cych si\u0119 z b\u00f3lem mi\u0119\u015bni, staw\u00f3w, napi\u0119ciem mi\u0119\u015bniowym oraz zm\u0119czeniem wynikaj\u0105cym z wysi\u0142ku fizycznego lub pracy.<\/p>\n<p data-start=\"331\" data-end=\"529\">\u017bel skutecznie rozlu\u017ania, regeneruje i wspiera prawid\u0142ow\u0105 kondycj\u0119 uk\u0142adu mi\u0119\u015bniowo-stawowego. Doskonale sprawdzi si\u0119 zar\u00f3wno po ci\u0119\u017ckim dniu, jak i jako wsparcie przed oraz po aktywno\u015bci sportowej.<\/p>\n<p data-start=\"536\" data-end=\"557\">\u2705 <strong data-start=\"538\" data-end=\"557\">Dlaczego warto?<\/strong><\/p>\n<ul data-start=\"559\" data-end=\"915\">\n<li data-start=\"559\" data-end=\"606\">\n<p data-start=\"561\" data-end=\"606\">rozlu\u017ania napi\u0119te mi\u0119\u015bnie i os\u0142abia skurcze<\/p>\n<\/li>\n<li data-start=\"607\" data-end=\"670\">\n<p data-start=\"609\" data-end=\"670\">przynosi ulg\u0119 przy b\u00f3lach mi\u0119\u015bni, staw\u00f3w, plec\u00f3w i \u015bci\u0119gien<\/p>\n<\/li>\n<li data-start=\"671\" data-end=\"807\">\n<p data-start=\"673\" data-end=\"807\">wspiera przy dolegliwo\u015bciach takich jak:<br data-start=\"713\" data-end=\"716\" \/>\u2714\ufe0f artretyzm i problemy reumatyczne<br data-start=\"753\" data-end=\"756\" \/>\u2714\ufe0f stany zapalne \u015bci\u0119gien<br data-start=\"783\" data-end=\"786\" \/>\u2714\ufe0f obrz\u0119ki staw\u00f3w<\/p>\n<\/li>\n<li data-start=\"808\" data-end=\"857\">\n<p data-start=\"810\" data-end=\"857\">redukuje uczucie \u201eci\u0119\u017ckich n\u00f3g\u201d po ca\u0142ym dniu<\/p>\n<\/li>\n<li data-start=\"858\" data-end=\"915\">\n<p data-start=\"860\" data-end=\"915\">wykazuje silne dzia\u0142anie relaksacyjne i regeneracyjne<\/p>\n<\/li>\n<\/ul>\n<p data-start=\"917\" data-end=\"1209\">\ud83c\udf3f <strong data-start=\"920\" data-end=\"956\">Wzbogacony ekstraktami zio\u0142owymi<\/strong><br data-start=\"956\" data-end=\"959\" \/>Zawiera cenne sk\u0142adniki wspieraj\u0105ce regeneracj\u0119:<br data-start=\"1007\" data-end=\"1010\" \/>\u2022 <strong data-start=\"1012\" data-end=\"1033\">\u017cywokost lekarski<\/strong> i <strong data-start=\"1036\" data-end=\"1052\">kasztanowiec<\/strong> \u2013 \u0142agodz\u0105 obrz\u0119ki, wspieraj\u0105 regeneracj\u0119 staw\u00f3w i chrz\u0105stek<br data-start=\"1112\" data-end=\"1115\" \/>\u2022 <strong data-start=\"1117\" data-end=\"1160\">nagietek, rumianek, dziurawiec, sza\u0142wia<\/strong> \u2013 dzia\u0142aj\u0105 koj\u0105co, regeneruj\u0105co i wzmacniaj\u0105co<\/p>\n<p data-start=\"1216\" data-end=\"1397\">\ud83e\uddf4 <strong data-start=\"1219\" data-end=\"1237\">Spos\u00f3b u\u017cycia:<\/strong><br data-start=\"1237\" data-end=\"1240\" \/>Aplikuj \u017cel na wybran\u0105 parti\u0119 cia\u0142a i delikatnie wmasuj. Stosuj wed\u0142ug potrzeb, nawet kilka razy dziennie. Polecany szczeg\u00f3lnie przed i po wysi\u0142ku fizycznym.<\/p>\n<p data-start=\"1399\" data-end=\"1425\">\u26a0\ufe0f <strong data-start=\"1402\" data-end=\"1423\">Wa\u017cne informacje:<\/strong><\/p>\n<ul data-start=\"1426\" data-end=\"1597\">\n<li data-start=\"1426\" data-end=\"1470\">\n<p data-start=\"1428\" data-end=\"1470\">produkt wy\u0142\u0105cznie do u\u017cytku zewn\u0119trznego<\/p>\n<\/li>\n<li data-start=\"1471\" data-end=\"1517\">\n<p data-start=\"1473\" data-end=\"1517\">nie stosowa\u0107 u dzieci poni\u017cej 3 roku \u017cycia<\/p>\n<\/li>\n<li data-start=\"1518\" data-end=\"1546\">\n<p data-start=\"1520\" data-end=\"1546\">unika\u0107 kontaktu z oczami<\/p>\n<\/li>\n<li data-start=\"1547\" data-end=\"1597\">\n<p data-start=\"1549\" data-end=\"1597\">przechowywa\u0107 w miejscu niedost\u0119pnym dla dzieci<\/p>\n<\/li>\n<\/ul>\n<p data-start=\"1599\" data-end=\"1625\">\ud83d\udce6 <strong data-start=\"1602\" data-end=\"1616\">Pojemno\u015b\u0107:<\/strong> 500 ml<\/p>\n","protected":false},"excerpt":{"rendered":"<p>Putorius \u017bel z syntetycznym jadem w\u0119\u017ca 500 ml \ud83d\udc0d\ud83d\udc86\u200d\u2642\ufe0f Intensywnie dzia\u0142aj\u0105cy \u017cel masuj\u0105cy z innowacyjnym sk\u0142adnikiem SYN-AKE \u2013 syntetycznym odpowiednikiem jadu \u017cmii Waglera. To idealny wyb\u00f3r dla os\u00f3b zmagaj\u0105cych si\u0119 z b\u00f3lem mi\u0119\u015bni, staw\u00f3w, napi\u0119ciem mi\u0119\u015bniowym oraz zm\u0119czeniem wynikaj\u0105cym z wysi\u0142ku fizycznego lub pracy. \u017bel skutecznie rozlu\u017ania, regeneruje i wspiera prawid\u0142ow\u0105 kondycj\u0119 uk\u0142adu mi\u0119\u015bniowo-stawowego. Doskonale [&hellip;]<\/p>\n","protected":false},"featured_media":2507,"template":"","meta":[],"product_brand":[26],"product_cat":[25],"product_tag":[],"class_list":{"0":"post-2506","1":"product","2":"type-product","3":"status-publish","4":"has-post-thumbnail","6":"product_brand-putorius","7":"product_cat-putorius","9":"first","10":"outofstock","11":"taxable","12":"shipping-taxable","13":"purchasable","14":"product-type-simple"},"_links":{"self":[{"href":"https:\/\/www.beevista.pl\/index.php\/wp-json\/wp\/v2\/product\/2506","targetHints":{"allow":["GET"]}}],"collection":[{"href":"https:\/\/www.beevista.pl\/index.php\/wp-json\/wp\/v2\/product"}],"about":[{"href":"https:\/\/www.beevista.pl\/index.php\/wp-json\/wp\/v2\/types\/product"}],"wp:featuredmedia":[{"embeddable":true,"href":"https:\/\/www.beevista.pl\/index.php\/wp-json\/wp\/v2\/media\/2507"}],"wp:attachment":[{"href":"https:\/\/www.beevista.pl\/index.php\/wp-json\/wp\/v2\/media?parent=2506"}],"wp:term":[{"taxonomy":"product_brand","embeddable":true,"href":"https:\/\/www.beevista.pl\/index.php\/wp-json\/wp\/v2\/product_brand?post=2506"},{"taxonomy":"product_cat","embeddable":true,"href":"https:\/\/www.beevista.pl\/index.php\/wp-json\/wp\/v2\/product_cat?post=2506"},{"taxonomy":"product_tag","embeddable":true,"href":"https:\/\/www.beevista.pl\/index.php\/wp-json\/wp\/v2\/product_tag?post=2506"}],"curies":[{"name":"wp","href":"https:\/\/api.w.org\/{rel}","templated":true}]}}