{"id":1553,"date":"2025-08-10T12:32:18","date_gmt":"2025-08-10T10:32:18","guid":{"rendered":"https:\/\/www.beevista.pl\/?post_type=product&#038;p=1553"},"modified":"2026-02-11T01:43:20","modified_gmt":"2026-02-11T00:43:20","slug":"palacio-snail-extract-krem-regenerujacy-ze-sluzem-slimaka-125-ml","status":"publish","type":"product","link":"https:\/\/www.beevista.pl\/index.php\/produkt\/palacio-snail-extract-krem-regenerujacy-ze-sluzem-slimaka-125-ml\/","title":{"rendered":"PALACIO Snail Extract \u2013 Krem regeneruj\u0105cy ze \u015bluzem \u015blimaka 125 ml"},"content":{"rendered":"<p data-start=\"251\" data-end=\"591\">Odkryj intensywn\u0105 piel\u0119gnacj\u0119 sk\u00f3ry ze <strong data-start=\"290\" data-end=\"324\">\u015bluzem \u015blimaka (Helix Aspersa)<\/strong>, aloesem, olejem kokosowym i pantenolem! \ud83d\udca7 Ten krem <strong data-start=\"378\" data-end=\"416\">nawil\u017ca, uelastycznia i regeneruje<\/strong> sk\u00f3r\u0119, wspieraj\u0105c jej naturaln\u0105 barier\u0119 ochronn\u0105. Idealny <strong data-start=\"475\" data-end=\"489\">po k\u0105pieli<\/strong> oraz jako codzienna piel\u0119gnacja suchych i wymagaj\u0105cych miejsc \u2013 takich jak \u0142okcie, kolana czy dekolt.<\/p>\n<p data-start=\"593\" data-end=\"852\">\ud83e\uddf4 <strong data-start=\"596\" data-end=\"631\">G\u0142\u0119boko nawil\u017ca i od\u017cywia sk\u00f3r\u0119<\/strong><br data-start=\"631\" data-end=\"634\" \/>\ud83d\udc86\u200d\u2640\ufe0f <strong data-start=\"640\" data-end=\"676\">Poprawia j\u0119drno\u015b\u0107 i elastyczno\u015b\u0107<\/strong><br data-start=\"676\" data-end=\"679\" \/>\ud83c\udf3f <strong data-start=\"682\" data-end=\"721\">\u0141agodzi przesuszenia i podra\u017cnienia<\/strong><br data-start=\"721\" data-end=\"724\" \/>\u2728 <strong data-start=\"726\" data-end=\"760\">Wspiera naturaln\u0105 odnow\u0119 sk\u00f3ry<\/strong><br data-start=\"760\" data-end=\"763\" \/>\ud83d\udec1 <strong data-start=\"766\" data-end=\"816\">Idealny po k\u0105pieli i do codziennego stosowania<\/strong><br data-start=\"816\" data-end=\"819\" \/>\ud83d\udd2c <strong data-start=\"822\" data-end=\"852\">Testowany dermatologicznie<\/strong><\/p>\n<h3 data-start=\"854\" data-end=\"875\">\u2705 Kiedy stosowa\u0107?<\/h3>\n<ul data-start=\"877\" data-end=\"1126\">\n<li data-start=\"877\" data-end=\"940\">\n<p data-start=\"879\" data-end=\"940\">Po k\u0105pieli lub prysznicu \u2013 dla zatrzymania wilgoci w sk\u00f3rze<\/p>\n<\/li>\n<li data-start=\"941\" data-end=\"1006\">\n<p data-start=\"943\" data-end=\"1006\">Na bardzo suche partie cia\u0142a \u2013 \u0142okcie, kolana, d\u0142onie, dekolt<\/p>\n<\/li>\n<li data-start=\"1007\" data-end=\"1066\">\n<p data-start=\"1009\" data-end=\"1066\">W codziennej piel\u0119gnacji sk\u00f3ry odwodnionej i szorstkiej<\/p>\n<\/li>\n<li data-start=\"1067\" data-end=\"1126\">\n<p data-start=\"1069\" data-end=\"1126\">Gdy sk\u00f3ra potrzebuje ukojenia i intensywnego od\u017cywienia<\/p>\n<\/li>\n<\/ul>\n<h3 data-start=\"1128\" data-end=\"1153\">\ud83c\udf31 Sk\u0142adniki aktywne:<\/h3>\n<ul data-start=\"1155\" data-end=\"1610\">\n<li data-start=\"1155\" data-end=\"1277\">\n<p data-start=\"1157\" data-end=\"1277\"><strong data-start=\"1157\" data-end=\"1189\">\u015aluz \u015blimaka (Helix Aspersa)<\/strong> \u2013 bogaty w kolagen, witaminy A, C i E; uj\u0119drnia, wyg\u0142adza i wspiera regeneracj\u0119 sk\u00f3ry<\/p>\n<\/li>\n<li data-start=\"1278\" data-end=\"1326\">\n<p data-start=\"1280\" data-end=\"1326\"><strong data-start=\"1280\" data-end=\"1297\">Olej kokosowy<\/strong> \u2013 od\u017cywia i zmi\u0119kcza sk\u00f3r\u0119<\/p>\n<\/li>\n<li data-start=\"1327\" data-end=\"1393\">\n<p data-start=\"1329\" data-end=\"1393\"><strong data-start=\"1329\" data-end=\"1350\">Aloes (Aloe Vera)<\/strong> \u2013 dzia\u0142a koj\u0105co, nawil\u017caj\u0105co i \u0142agodz\u0105co<\/p>\n<\/li>\n<li data-start=\"1394\" data-end=\"1472\">\n<p data-start=\"1396\" data-end=\"1472\"><strong data-start=\"1396\" data-end=\"1425\">Pantenol (prowitamina B5)<\/strong> \u2013 przyspiesza gojenie i regeneracj\u0119 nask\u00f3rka<\/p>\n<\/li>\n<li data-start=\"1473\" data-end=\"1530\">\n<p data-start=\"1475\" data-end=\"1530\"><strong data-start=\"1475\" data-end=\"1488\">Gliceryna<\/strong> \u2013 nawil\u017ca i chroni przed utrat\u0105 wilgoci<\/p>\n<\/li>\n<li data-start=\"1531\" data-end=\"1610\">\n<p data-start=\"1533\" data-end=\"1610\"><strong data-start=\"1533\" data-end=\"1569\">Triglicerydy kaprylowo-kaprynowe<\/strong> \u2013 wspieraj\u0105 odbudow\u0119 bariery lipidowej<\/p>\n<\/li>\n<\/ul>\n<h3 data-start=\"1612\" data-end=\"1632\">\ud83e\uddf4 Jak stosowa\u0107?<\/h3>\n<p data-start=\"1634\" data-end=\"1850\">Nanie\u015b odpowiedni\u0105 ilo\u015b\u0107 kremu na czyst\u0105 sk\u00f3r\u0119 i delikatnie wmasuj, a\u017c do ca\u0142kowitego wch\u0142oni\u0119cia.<br data-start=\"1732\" data-end=\"1735\" \/>\ud83d\udca1 <strong data-start=\"1738\" data-end=\"1759\">Stosuj codziennie<\/strong>, najlepiej po k\u0105pieli lub zawsze wtedy, gdy Twoja sk\u00f3ra potrzebuje dodatkowego nawil\u017cenia.<\/p>\n<h3 data-start=\"1852\" data-end=\"1910\">\ud83d\udc0c \u015aluz \u015blimaka \u2013 naturalna regeneracja i elastyczno\u015b\u0107<\/h3>\n<p data-start=\"1912\" data-end=\"2217\"><strong data-start=\"1912\" data-end=\"1957\">Ekstrakt ze \u015bluzu \u015blimaka (Helix Aspersa)<\/strong> to naturalny sk\u0142adnik, kt\u00f3ry wspiera <strong data-start=\"1995\" data-end=\"2039\">odbudow\u0119 elastyczno\u015bci i j\u0119drno\u015bci sk\u00f3ry<\/strong>. Bogaty w witaminy i naturalny kolagen, <strong data-start=\"2080\" data-end=\"2129\">uj\u0119drnia, nawil\u017ca, wyg\u0142adza drobne zmarszczki<\/strong> i dzia\u0142a \u0142agodz\u0105co. Pozyskiwany w delikatny spos\u00f3b \u2013 odpowiedni dla ka\u017cdego typu sk\u00f3ry.<\/p>\n","protected":false},"excerpt":{"rendered":"<p>Odkryj intensywn\u0105 piel\u0119gnacj\u0119 sk\u00f3ry ze \u015bluzem \u015blimaka (Helix Aspersa), aloesem, olejem kokosowym i pantenolem! \ud83d\udca7 Ten krem nawil\u017ca, uelastycznia i regeneruje sk\u00f3r\u0119, wspieraj\u0105c jej naturaln\u0105 barier\u0119 ochronn\u0105. Idealny po k\u0105pieli oraz jako codzienna piel\u0119gnacja suchych i wymagaj\u0105cych miejsc \u2013 takich jak \u0142okcie, kolana czy dekolt. \ud83e\uddf4 G\u0142\u0119boko nawil\u017ca i od\u017cywia sk\u00f3r\u0119\ud83d\udc86\u200d\u2640\ufe0f Poprawia j\u0119drno\u015b\u0107 i elastyczno\u015b\u0107\ud83c\udf3f [&hellip;]<\/p>\n","protected":false},"featured_media":1554,"template":"","meta":[],"product_brand":[22],"product_cat":[21],"product_tag":[],"class_list":{"0":"post-1553","1":"product","2":"type-product","3":"status-publish","4":"has-post-thumbnail","6":"product_brand-palacio","7":"product_cat-palacio","9":"first","10":"outofstock","11":"taxable","12":"shipping-taxable","13":"purchasable","14":"product-type-simple"},"_links":{"self":[{"href":"https:\/\/www.beevista.pl\/index.php\/wp-json\/wp\/v2\/product\/1553","targetHints":{"allow":["GET"]}}],"collection":[{"href":"https:\/\/www.beevista.pl\/index.php\/wp-json\/wp\/v2\/product"}],"about":[{"href":"https:\/\/www.beevista.pl\/index.php\/wp-json\/wp\/v2\/types\/product"}],"wp:featuredmedia":[{"embeddable":true,"href":"https:\/\/www.beevista.pl\/index.php\/wp-json\/wp\/v2\/media\/1554"}],"wp:attachment":[{"href":"https:\/\/www.beevista.pl\/index.php\/wp-json\/wp\/v2\/media?parent=1553"}],"wp:term":[{"taxonomy":"product_brand","embeddable":true,"href":"https:\/\/www.beevista.pl\/index.php\/wp-json\/wp\/v2\/product_brand?post=1553"},{"taxonomy":"product_cat","embeddable":true,"href":"https:\/\/www.beevista.pl\/index.php\/wp-json\/wp\/v2\/product_cat?post=1553"},{"taxonomy":"product_tag","embeddable":true,"href":"https:\/\/www.beevista.pl\/index.php\/wp-json\/wp\/v2\/product_tag?post=1553"}],"curies":[{"name":"wp","href":"https:\/\/api.w.org\/{rel}","templated":true}]}}