{"id":1186,"date":"2025-08-05T12:32:20","date_gmt":"2025-08-05T10:32:20","guid":{"rendered":"https:\/\/www.beevista.pl\/?post_type=product&#038;p=1186"},"modified":"2025-12-10T09:42:21","modified_gmt":"2025-12-10T08:42:21","slug":"kapelusz-pszczelarski-z-materialem-z-tylu","status":"publish","type":"product","link":"https:\/\/www.beevista.pl\/index.php\/produkt\/kapelusz-pszczelarski-z-materialem-z-tylu\/","title":{"rendered":"Kapelusz pszczelarski z materia\u0142em z ty\u0142u"},"content":{"rendered":"<p>Kapelusz pszczelarski z siatk\u0105 oraz materia\u0142em.<br \/>\nZ przodu siatka w kolorze czarnym u\u0142atwiaj\u0105cym patrzenie przez ni\u0105. Materia\u0142 z ty\u0142u zabezpiecza nasz kark przed u\u017c\u0105dleniami.<br \/>\nNa dole \u015bci\u0105gacz z gumk\u0105 zapobiegaj\u0105cy wchodzeniu pszcz\u00f3\u0142 pod sp\u00f3d. Rondo oraz kapelusz w jednolitym kolorze.<\/p>\n<p>Producent: Adamek<\/p>\n<p>Rozmiar: Uniwersalny<\/p>\n<p>Kolor: be\u017cowy<\/p>\n","protected":false},"excerpt":{"rendered":"<p>Kapelusz pszczelarski z siatk\u0105 oraz materia\u0142em. Z przodu siatka w kolorze czarnym u\u0142atwiaj\u0105cym patrzenie przez ni\u0105. Materia\u0142 z ty\u0142u zabezpiecza nasz kark przed u\u017c\u0105dleniami. Na dole \u015bci\u0105gacz z gumk\u0105 zapobiegaj\u0105cy wchodzeniu pszcz\u00f3\u0142 pod sp\u00f3d. Rondo oraz kapelusz w jednolitym kolorze. Producent: Adamek Rozmiar: Uniwersalny Kolor: be\u017cowy<\/p>\n","protected":false},"featured_media":1185,"template":"","meta":[],"product_brand":[],"product_cat":[51],"product_tag":[],"class_list":{"0":"post-1186","1":"product","2":"type-product","3":"status-publish","4":"has-post-thumbnail","6":"product_cat-kapelusze","8":"first","9":"outofstock","10":"taxable","11":"shipping-taxable","12":"purchasable","13":"product-type-simple"},"_links":{"self":[{"href":"https:\/\/www.beevista.pl\/index.php\/wp-json\/wp\/v2\/product\/1186","targetHints":{"allow":["GET"]}}],"collection":[{"href":"https:\/\/www.beevista.pl\/index.php\/wp-json\/wp\/v2\/product"}],"about":[{"href":"https:\/\/www.beevista.pl\/index.php\/wp-json\/wp\/v2\/types\/product"}],"wp:featuredmedia":[{"embeddable":true,"href":"https:\/\/www.beevista.pl\/index.php\/wp-json\/wp\/v2\/media\/1185"}],"wp:attachment":[{"href":"https:\/\/www.beevista.pl\/index.php\/wp-json\/wp\/v2\/media?parent=1186"}],"wp:term":[{"taxonomy":"product_brand","embeddable":true,"href":"https:\/\/www.beevista.pl\/index.php\/wp-json\/wp\/v2\/product_brand?post=1186"},{"taxonomy":"product_cat","embeddable":true,"href":"https:\/\/www.beevista.pl\/index.php\/wp-json\/wp\/v2\/product_cat?post=1186"},{"taxonomy":"product_tag","embeddable":true,"href":"https:\/\/www.beevista.pl\/index.php\/wp-json\/wp\/v2\/product_tag?post=1186"}],"curies":[{"name":"wp","href":"https:\/\/api.w.org\/{rel}","templated":true}]}}