{"id":1182,"date":"2025-08-05T12:20:04","date_gmt":"2025-08-05T10:20:04","guid":{"rendered":"https:\/\/www.beevista.pl\/?post_type=product&#038;p=1182"},"modified":"2025-12-10T09:42:25","modified_gmt":"2025-12-10T08:42:25","slug":"kapelusz-pszczelarski-z-uchylna-siatka","status":"publish","type":"product","link":"https:\/\/www.beevista.pl\/index.php\/produkt\/kapelusz-pszczelarski-z-uchylna-siatka\/","title":{"rendered":"Kapelusz pszczelarski z uchyln\u0105 siatk\u0105"},"content":{"rendered":"<p>Kapelusz pszczelarski z siatk\u0105 dooko\u0142a. Z ty\u0142u siatka w kolorze bia\u0142ym zapewniaj\u0105ca dobr\u0105 wentylacj\u0119 i przewiew nawet w upalne dni.<br \/>\nNa dole \u015bci\u0105gacz z gumk\u0105 zapobiegaj\u0105cy wchodzeniu pszcz\u00f3\u0142 pod sp\u00f3d. Rondo oraz kapelusz w jednolitym kolorze.<br \/>\nZ przodu siatka w kolorze czarnym u\u0142atwiaj\u0105cym patrzenie przez ni\u0105 z mo\u017cliwo\u015bci\u0105 uchylenia jej od g\u00f3ry.<\/p>\n<p>&nbsp;<\/p>\n<p>Producent: Adamek<\/p>\n<p>Rozmiar: Uniwersalny<\/p>\n<p>Kolor: be\u017cowy<\/p>\n","protected":false},"excerpt":{"rendered":"<p>Kapelusz pszczelarski z siatk\u0105 dooko\u0142a. Z ty\u0142u siatka w kolorze bia\u0142ym zapewniaj\u0105ca dobr\u0105 wentylacj\u0119 i przewiew nawet w upalne dni. Na dole \u015bci\u0105gacz z gumk\u0105 zapobiegaj\u0105cy wchodzeniu pszcz\u00f3\u0142 pod sp\u00f3d. Rondo oraz kapelusz w jednolitym kolorze. Z przodu siatka w kolorze czarnym u\u0142atwiaj\u0105cym patrzenie przez ni\u0105 z mo\u017cliwo\u015bci\u0105 uchylenia jej od g\u00f3ry. &nbsp; Producent: Adamek [&hellip;]<\/p>\n","protected":false},"featured_media":1183,"template":"","meta":[],"product_brand":[],"product_cat":[51],"product_tag":[],"class_list":{"0":"post-1182","1":"product","2":"type-product","3":"status-publish","4":"has-post-thumbnail","6":"product_cat-kapelusze","8":"first","9":"instock","10":"taxable","11":"shipping-taxable","12":"purchasable","13":"product-type-simple"},"_links":{"self":[{"href":"https:\/\/www.beevista.pl\/index.php\/wp-json\/wp\/v2\/product\/1182","targetHints":{"allow":["GET"]}}],"collection":[{"href":"https:\/\/www.beevista.pl\/index.php\/wp-json\/wp\/v2\/product"}],"about":[{"href":"https:\/\/www.beevista.pl\/index.php\/wp-json\/wp\/v2\/types\/product"}],"wp:featuredmedia":[{"embeddable":true,"href":"https:\/\/www.beevista.pl\/index.php\/wp-json\/wp\/v2\/media\/1183"}],"wp:attachment":[{"href":"https:\/\/www.beevista.pl\/index.php\/wp-json\/wp\/v2\/media?parent=1182"}],"wp:term":[{"taxonomy":"product_brand","embeddable":true,"href":"https:\/\/www.beevista.pl\/index.php\/wp-json\/wp\/v2\/product_brand?post=1182"},{"taxonomy":"product_cat","embeddable":true,"href":"https:\/\/www.beevista.pl\/index.php\/wp-json\/wp\/v2\/product_cat?post=1182"},{"taxonomy":"product_tag","embeddable":true,"href":"https:\/\/www.beevista.pl\/index.php\/wp-json\/wp\/v2\/product_tag?post=1182"}],"curies":[{"name":"wp","href":"https:\/\/api.w.org\/{rel}","templated":true}]}}